{"id":12,"date":"2017-12-01T10:32:05","date_gmt":"2017-12-01T10:32:05","guid":{"rendered":"https:\/\/www.sage.com\/de-de\/blog\/glossary\/absentismus\/"},"modified":"2024-04-02T17:29:30","modified_gmt":"2024-04-02T15:29:30","slug":"absentismus","status":"publish","type":"sage_glossary","link":"https:\/\/www.sage.com\/de-de\/blog\/lexikon\/absentismus\/","title":{"rendered":"Absentismus"},"content":{"rendered":"<header class=\"entry-header has-dark-background-color entry-header--has-illustration entry-header--has-illustration--generic\">\n\t<div class=\"container\">\n\t\t<div class=\"entry-header__row row align-center\">\n\t\t\t<div class=\"col col-lg-7 col-xlg-6 entry-header__content\">\n\t\t\t\t\t\t\t<div class=\"component component-single-header\">\n\t\t\t\t\t\t\t\t\t\t<div class=\"entry-header__misc text--subtitle text--uppercase text--small\">\n\t\t\t\t\t\t\t<a href=\"https:\/\/www.sage.com\/de-de\/blog\/lexikon\/\" class=\"entry-header__link\">Beschreibung im Lexikon<\/a>\t\t\t\t\t\t<\/div>\n\t\t\t\t\n\t\t\t\t<div class=\"entry-title-wrapper\">\n\t\t\t\t\t<h1 class=\"entry-title\">\n\t\t\t\t\t\tAbsentismus\t\t\t\t\t<\/h1>\n\t\t\t\t<\/div>\n\n\t\t\t\t\n\t\t\t\t\n\t\t\t\t\n\t\t\t<\/div>\n\n\t\t\t\t\t<\/div>\n\t\t\t\t\t<\/div>\n\t<\/div>\n\t<div class=\"single-post-details container\">\n\t\t<div class=\"col\">\n\t\t\t<span class=\"reading-time\"> Minuten zu lesen<\/span>\n\t\t<button\n\t\t\ttype=\"button\"\n\t\t\tclass=\"social-share-button button button--icon button--secondary js-social-share-button\"\n\t\t\tdata-share-title=\"Absentismus\"\n\t\t\tdata-share-url=\"https:\/\/www.sage.com\/de-de\/blog\/lexikon\/absentismus\/\"\n\t\t\tdata-share-text=\"Bitte lesen Sie diesen interessanten Artikel\"\n\t\t>\n\t\t\t<span class=\"social-share-button__share-label\">Teilen<\/span>\n\t\t\t<span class=\"social-share-button__copy-label\" hidden>Link kopieren<\/span>\n\t\t\t<span class=\"social-share-button__copy-tooltip\" aria-hidden=\"true\" hidden>Kopiert<\/span>\n\t\t<\/button>\n\n\t\t\t\t<\/div>\n\t<\/div>\n<\/header>\n\n\n\n<p class=\"\">Dass ein Mitarbeiter bisweilen aufgrund einer Erkrankung vom Arbeitsplatz fernbleibt, ist normal und sollte vom Unternehmen nicht beanstandet werden. H\u00e4ufen sich die Fehlzeiten hingegen und f\u00e4llt ein Arbeitnehmer mehr durch seine Abwesenheit als durch Leistung auf, besteht Handlungsbedarf. Die Fehlzeitenproblematik, die unter dem Begriff Absentismus beschrieben wird, l\u00e4sst sich nicht so einfach quantifizieren und h\u00e4ngt jeweils vom Einzelfall ab. Absentismus kann neben Krankheiten verschiedene Ursachen haben. Gr\u00fcnde, die zur Arbeitsunf\u00e4higkeit f\u00fchren, sind beispielsweise \u00e4u\u00dfere Umst\u00e4nde, famili\u00e4re Probleme und motivational bedingte Entscheidungen zum Fernbleiben. Nicht jeder Mitarbeiter wird sich seinem Vorgesetzten anvertrauen und \u00fcber die Schwierigkeiten offen berichten, weshalb Arbeitgeber in vielen F\u00e4llen erst einmal nicht die richtigen Mittel einsetzen k\u00f6nnen. Ob ein Mitarbeiter aufgrund seiner h\u00e4ufigen Fehlzeiten diszipliniert werden sollte oder Hilfe ben\u00f6tigt, ist daher personenabh\u00e4ngig abzuw\u00e4gen. Abwesenheit stellt f\u00fcr Unternehmen einen wesentlichen Kostenfaktor dar, au\u00dferdem erschweren Fehlzeiten die <a href=\"https:\/\/www.sage.com\/de-de\/blog\/lexikon\/personaleinsatzplanung\/\" target=\"_blank\" rel=\"noreferrer noopener\">Personaleinsatzplanung<\/a>.<\/p>\n\n\n\n<figure class=\"wp-block-pullquote\"><blockquote><p>Tipp:<br>So k\u00f6nnen Sie Ihre Personalarbeit neu gestalten \u2013 Jetzt moderne <a href=\"https:\/\/www.sage.com\/de-de\/produkte\/sage-hr-suite-personal-software\/\" target=\"_blank\" rel=\"noreferrer noopener\">Personalsoftware<\/a> kennenlernen<\/p><\/blockquote><\/figure>\n\n\n\n<h2 class=\"wp-block-heading\" id=\"h-welche-massnahmen-bieten-sich-als-hilfe-an\">Welche Ma\u00dfnahmen bieten sich als Hilfe an?<\/h2>\n\n\n\n<p class=\"\">Wenn die Ursache f\u00fcr Abwesenheit vom Arbeitsplatz erkannt wird, l\u00e4sst sich leichter eine gemeinsame L\u00f6sung mit dem Mitarbeiter finden. Hierf\u00fcr ist es notwendig, dass der Vorgesetzte oder ein Mitarbeiter aus der Personalabteilung das Gespr\u00e4ch mit dem Angestellten sucht. Hiervon versprechen sich bislang nur wenige Unternehmen den gew\u00fcnschten Erfolg. H\u00e4ufig wird Abwesenheit als Fehlverhalten interpretiert, ohne den Anlass zu kennen. Wird ein Arbeitnehmer von seinem Partner verlassen und muss sich allein um die Kinderbetreuung k\u00fcmmern, gibt es in der Familie einen Pflegefall oder lassen sich Ehepaare scheiden, sind sie wom\u00f6glich tempor\u00e4r nicht arbeitsf\u00e4hig.<\/p>\n\n\n\n<p class=\"\">Die Gr\u00fcnde f\u00fcr Absentismus sind jedoch nicht nur im privaten Umfeld zu finden. Ist ein Mitarbeiter am Arbeitsplatz von <a href=\"https:\/\/www.sage.com\/de-de\/blog\/lexikon\/mobbing\/\" target=\"_blank\" rel=\"noreferrer noopener\">Mobbing<\/a> betroffen, leidet er unter der hohen Arbeitsbelastung oder f\u00fchlt er sich durch den F\u00fchrungsstil seines Vorgesetzten demotiviert, kann dies zu Fehlzeiten f\u00fchren. Unternehmen haben die M\u00f6glichkeit, einen Vertrauensarzt einzusetzen und dadurch die Fehlzeiten besser zu kontrollieren. Helfen k\u00f6nnen au\u00dferdem <a href=\"https:\/\/www.sage.com\/de-de\/blog\/lexikon\/rueckkehrgespraech\/\" target=\"_blank\" rel=\"noreferrer noopener\">R\u00fcckkehrgespr\u00e4che<\/a>, in denen vereinbart wird, wie der Mitarbeiter an seinen Arbeitsplatz zur\u00fcckkehren kann. Besteht kein begr\u00fcndeter Anlass f\u00fcr die Fehlzeiten und zeigt sich der Angestellte uneinsichtig, muss das Unternehmen gegebenenfalls eine Abmahnung aussprechen.<\/p>\n\n\n\n<p class=\"\">In den meisten F\u00e4llen lassen sich durch Gespr\u00e4che die Ursachen aufkl\u00e4ren und Abwesenheitszeiten reduzieren. Einige Unternehmen entscheiden sich daf\u00fcr, ihren Mitarbeitern mehr Gestaltungsfreir\u00e4ume zu gew\u00e4hren. Eine verbesserte <a href=\"https:\/\/www.sage.com\/de-de\/blog\/die-wichtigsten-erfolgsfaktoren-zur-umsetzung-von-work-life-balance-massnahmen-im-unternehmen\/\" target=\"_blank\" rel=\"noopener noreferrer\">Vereinbarkeit von Familie und Beruf<\/a> durch flexible Arbeitszeiten und weitere Ma\u00dfnahmen tragen dazu bei, Fehlzeiten im betrieblichen Alltag zu verringern.<\/p>\n\n\n\n<p class=\"\">Vorsicht ist geboten bei suchtbedingter Abwesenheit. Alkoholprobleme bergen beispielsweise ein erh\u00f6htes Potenzial zu Absentismus. In vielen Berufen ist es nicht gestattet, alkoholisiert am Arbeitsplatz zu erscheinen. Die Freistellung des betroffenen Mitarbeiters und die Vermittlung von Hilfsangeboten sind notwendig, um Fehlzeiten nachhaltig zu reduzieren und <a href=\"https:\/\/www.sage.com\/de-de\/blog\/lexikon\/arbeitssicherheit\/\" target=\"_blank\" rel=\"noreferrer noopener\">Arbeitssicherheit<\/a> zu gew\u00e4hrleisten.<\/p>\n\n\n<div class=\"single-cta\">\n\t<div class=\"single-cta__positioner\">\n\t\t<div class=\"single-cta__wrapper has-dark-background-color\">\n\t\t\t<div class=\"single-cta__content\">\n\t\t\t\t\t\t\t\t<h2 class=\"single-cta__title h3\">2026: Alle neuen Gesetze immer im Blick<\/h2>\n\n\t\t\t\t\t\t\t\t\t<div class=\"single-cta__description\">\n\t\t\t\t\t\t<p><!-- wp:paragraph --><\/p>\n<p><strong>Bleiben Sie informiert &#8211; mit unserem Newsletter<\/strong> 1x im Monat<\/p>\n<p><!-- \/wp:paragraph --><\/p>\n<p><!-- wp:list --><\/p>\n<ul class=\"wp-block-list\"><!-- wp:list-item --><\/p>\n<li>Neue Trends aus der Arbeitswelt<\/li>\n<p><!-- \/wp:list-item --><\/p>\n<p><!-- wp:list-item --><\/p>\n<li>Aktuelle Urteile verst\u00e4ndlich erkl\u00e4rt<\/li>\n<p><!-- \/wp:list-item --><\/p>\n<p><!-- wp:list-item --><\/p>\n<li>Tipps zu Recht, Steuern &amp; Finanzen<\/li>\n<p><!-- \/wp:list-item --><\/p>\n<p><!-- wp:list-item --><\/p>\n<li>Experten-Interviews, Studien u.v.m<\/li>\n<p><!-- \/wp:list-item --><\/ul>\n<p><!-- \/wp:list --><\/p>\n\t\t\t\t\t<\/div>\n\t\t\t\t\n\t\t\t\t\t\t\t\t\t\t\t\t\t\t<a\n\t\t\t\t\t\thref=\"#gate-a59880de-3d38-4b82-914c-ffa16bab6ae7\"\n\t\t\t\t\t\tclass=\"single-cta__button button button--primary\"\n\t\t\t\t\t\t\t\t\t\t\t\t\t\t\t\t\t>Newsletter abonnieren<\/a>\n\t\t\t\t\t\t\t<\/div>\n\n\t\t\t\t\t<\/div>\n\n\t\t\t\t\t<img decoding=\"async\" width=\"1215\" height=\"810\" src=\"https:\/\/www.sage.com\/de-de\/blog\/wp-content\/uploads\/sites\/11\/2023\/09\/GettyImages-1277533180-1215x810.jpg\" class=\"single-cta__image\" alt=\"\" loading=\"lazy\" srcset=\"https:\/\/www.sage.com\/de-de\/blog\/wp-content\/uploads\/sites\/11\/2023\/09\/GettyImages-1277533180-1215x810.jpg 1215w\" sizes=\"auto, (min-width: 48em) 33vw, 100vw\" \/>\t\t\t<\/div>\n<\/div>\n","protected":false},"excerpt":{"rendered":"<p>Dass ein Mitarbeiter bisweilen aufgrund einer Erkrankung vom Arbeitsplatz fernbleibt, ist normal und sollte vom Unternehmen nicht beanstandet werden. H\u00e4ufen sich die Fehlzeiten hingegen und f\u00e4llt ein Arbeitnehmer mehr durch seine Abwesenheit als durch Leistung auf, besteht Handlungsbedarf. Die Fehlzeitenproblematik, die unter dem Begriff Absentismus beschrieben wird, l\u00e4sst sich nicht so einfach quantifizieren und h\u00e4ngt [&hellip;]<\/p>\n","protected":false},"author":1231,"featured_media":0,"template":"","meta":{"_sage_video":false,"footnotes":""},"tags":[742,663,222,895,92,133,704,89],"class_list":["post-12","sage_glossary","type-sage_glossary","status-publish","hentry","tag-arbeitsproduktivitaet","tag-arbeitsrecht","tag-feedbackgespraech","tag-mitarbeiter-betreuen","tag-mitarbeitergespraech","tag-mitarbeitermotivation","tag-people-company","tag-personalmanagement"],"distributor_meta":false,"distributor_terms":false,"distributor_media":false,"distributor_original_site_name":"Sage Advice Deutschland","distributor_original_site_url":"https:\/\/www.sage.com\/de-de\/blog","push-errors":false,"_links":{"self":[{"href":"https:\/\/www.sage.com\/de-de\/blog\/api\/wp\/v2\/sage_glossary\/12","targetHints":{"allow":["GET"]}}],"collection":[{"href":"https:\/\/www.sage.com\/de-de\/blog\/api\/wp\/v2\/sage_glossary"}],"about":[{"href":"https:\/\/www.sage.com\/de-de\/blog\/api\/wp\/v2\/types\/sage_glossary"}],"author":[{"embeddable":true,"href":"https:\/\/www.sage.com\/de-de\/blog\/api\/wp\/v2\/users\/1231"}],"version-history":[{"count":0,"href":"https:\/\/www.sage.com\/de-de\/blog\/api\/wp\/v2\/sage_glossary\/12\/revisions"}],"wp:attachment":[{"href":"https:\/\/www.sage.com\/de-de\/blog\/api\/wp\/v2\/media?parent=12"}],"wp:term":[{"taxonomy":"post_tag","embeddable":true,"href":"https:\/\/www.sage.com\/de-de\/blog\/api\/wp\/v2\/tags?post=12"}],"curies":[{"name":"wp","href":"https:\/\/api.w.org\/{rel}","templated":true}]}}

<header class="entry-header has-dark-background-color entry-header--has-illustration entry-header--has-illustration--generic">
	<div class="container">
		<div class="entry-header__row row align-center">
			<div class="col col-lg-7 col-xlg-6 entry-header__content">
							<div class="component component-single-header">
										<div class="entry-header__misc text--subtitle text--uppercase text--small">
							<a href="https://www.sage.com/de-de/blog/lexikon/" class="entry-header__link">Beschreibung im Lexikon</a>						</div>
				
				<div class="entry-title-wrapper">
					<h1 class="entry-title">
						Absentismus					</h1>
				</div>

				
				
				
			</div>

					</div>
					</div>
	</div>
	<div class="single-post-details container">
		<div class="col">
			<span class="reading-time"> Minuten zu lesen</span>
		<button
			type="button"
			class="social-share-button button button--icon button--secondary js-social-share-button"
			data-share-title="Absentismus"
			data-share-url="https://www.sage.com/de-de/blog/lexikon/absentismus/"
			data-share-text="Bitte lesen Sie diesen interessanten Artikel"
		>
			<span class="social-share-button__share-label">Teilen</span>
			<span class="social-share-button__copy-label" hidden>Link kopieren</span>
			<span class="social-share-button__copy-tooltip" aria-hidden="true" hidden>Kopiert</span>
		</button>

				</div>
	</div>
</header>



<p class="">Dass ein Mitarbeiter bisweilen aufgrund einer Erkrankung vom Arbeitsplatz fernbleibt, ist normal und sollte vom Unternehmen nicht beanstandet werden. Häufen sich die Fehlzeiten hingegen und fällt ein Arbeitnehmer mehr durch seine Abwesenheit als durch Leistung auf, besteht Handlungsbedarf. Die Fehlzeitenproblematik, die unter dem Begriff Absentismus beschrieben wird, lässt sich nicht so einfach quantifizieren und hängt jeweils vom Einzelfall ab. Absentismus kann neben Krankheiten verschiedene Ursachen haben. Gründe, die zur Arbeitsunfähigkeit führen, sind beispielsweise äußere Umstände, familiäre Probleme und motivational bedingte Entscheidungen zum Fernbleiben. Nicht jeder Mitarbeiter wird sich seinem Vorgesetzten anvertrauen und über die Schwierigkeiten offen berichten, weshalb Arbeitgeber in vielen Fällen erst einmal nicht die richtigen Mittel einsetzen können. Ob ein Mitarbeiter aufgrund seiner häufigen Fehlzeiten diszipliniert werden sollte oder Hilfe benötigt, ist daher personenabhängig abzuwägen. Abwesenheit stellt für Unternehmen einen wesentlichen Kostenfaktor dar, außerdem erschweren Fehlzeiten die <a href="https://www.sage.com/de-de/blog/lexikon/personaleinsatzplanung/" target="_blank" rel="noreferrer noopener">Personaleinsatzplanung</a>.</p>



<figure class="wp-block-pullquote"><blockquote><p>Tipp:<br>So können Sie Ihre Personalarbeit neu gestalten – Jetzt moderne <a href="https://www.sage.com/de-de/produkte/sage-hr-suite-personal-software/" target="_blank" rel="noreferrer noopener">Personalsoftware</a> kennenlernen</p></blockquote></figure>



<h2 class="wp-block-heading" id="h-welche-massnahmen-bieten-sich-als-hilfe-an">Welche Maßnahmen bieten sich als Hilfe an?</h2>



<p class="">Wenn die Ursache für Abwesenheit vom Arbeitsplatz erkannt wird, lässt sich leichter eine gemeinsame Lösung mit dem Mitarbeiter finden. Hierfür ist es notwendig, dass der Vorgesetzte oder ein Mitarbeiter aus der Personalabteilung das Gespräch mit dem Angestellten sucht. Hiervon versprechen sich bislang nur wenige Unternehmen den gewünschten Erfolg. Häufig wird Abwesenheit als Fehlverhalten interpretiert, ohne den Anlass zu kennen. Wird ein Arbeitnehmer von seinem Partner verlassen und muss sich allein um die Kinderbetreuung kümmern, gibt es in der Familie einen Pflegefall oder lassen sich Ehepaare scheiden, sind sie womöglich temporär nicht arbeitsfähig.</p>



<p class="">Die Gründe für Absentismus sind jedoch nicht nur im privaten Umfeld zu finden. Ist ein Mitarbeiter am Arbeitsplatz von <a href="https://www.sage.com/de-de/blog/lexikon/mobbing/" target="_blank" rel="noreferrer noopener">Mobbing</a> betroffen, leidet er unter der hohen Arbeitsbelastung oder fühlt er sich durch den Führungsstil seines Vorgesetzten demotiviert, kann dies zu Fehlzeiten führen. Unternehmen haben die Möglichkeit, einen Vertrauensarzt einzusetzen und dadurch die Fehlzeiten besser zu kontrollieren. Helfen können außerdem <a href="https://www.sage.com/de-de/blog/lexikon/rueckkehrgespraech/" target="_blank" rel="noreferrer noopener">Rückkehrgespräche</a>, in denen vereinbart wird, wie der Mitarbeiter an seinen Arbeitsplatz zurückkehren kann. Besteht kein begründeter Anlass für die Fehlzeiten und zeigt sich der Angestellte uneinsichtig, muss das Unternehmen gegebenenfalls eine Abmahnung aussprechen.</p>



<p class="">In den meisten Fällen lassen sich durch Gespräche die Ursachen aufklären und Abwesenheitszeiten reduzieren. Einige Unternehmen entscheiden sich dafür, ihren Mitarbeitern mehr Gestaltungsfreiräume zu gewähren. Eine verbesserte <a href="https://www.sage.com/de-de/blog/die-wichtigsten-erfolgsfaktoren-zur-umsetzung-von-work-life-balance-massnahmen-im-unternehmen/" target="_blank" rel="noopener noreferrer">Vereinbarkeit von Familie und Beruf</a> durch flexible Arbeitszeiten und weitere Maßnahmen tragen dazu bei, Fehlzeiten im betrieblichen Alltag zu verringern.</p>



<p class="">Vorsicht ist geboten bei suchtbedingter Abwesenheit. Alkoholprobleme bergen beispielsweise ein erhöhtes Potenzial zu Absentismus. In vielen Berufen ist es nicht gestattet, alkoholisiert am Arbeitsplatz zu erscheinen. Die Freistellung des betroffenen Mitarbeiters und die Vermittlung von Hilfsangeboten sind notwendig, um Fehlzeiten nachhaltig zu reduzieren und <a href="https://www.sage.com/de-de/blog/lexikon/arbeitssicherheit/" target="_blank" rel="noreferrer noopener">Arbeitssicherheit</a> zu gewährleisten.</p>


<div class="single-cta">
	<div class="single-cta__positioner">
		<div class="single-cta__wrapper has-dark-background-color">
			<div class="single-cta__content">
								<h2 class="single-cta__title h3">2026: Alle neuen Gesetze immer im Blick</h2>

									<div class="single-cta__description">
						<p><!-- wp:paragraph --></p>
<p><strong>Bleiben Sie informiert &#8211; mit unserem Newsletter</strong> 1x im Monat</p>
<p><!-- /wp:paragraph --></p>
<p><!-- wp:list --></p>
<ul class="wp-block-list"><!-- wp:list-item --></p>
<li>Neue Trends aus der Arbeitswelt</li>
<p><!-- /wp:list-item --></p>
<p><!-- wp:list-item --></p>
<li>Aktuelle Urteile verständlich erklärt</li>
<p><!-- /wp:list-item --></p>
<p><!-- wp:list-item --></p>
<li>Tipps zu Recht, Steuern &amp; Finanzen</li>
<p><!-- /wp:list-item --></p>
<p><!-- wp:list-item --></p>
<li>Experten-Interviews, Studien u.v.m</li>
<p><!-- /wp:list-item --></ul>
<p><!-- /wp:list --></p>
					</div>
				
														<a
						href="#gate-a59880de-3d38-4b82-914c-ffa16bab6ae7"
						class="single-cta__button button button--primary"
																	>Newsletter abonnieren</a>
							</div>

					</div>

					<img decoding="async" width="1215" height="810" src="https://www.sage.com/de-de/blog/wp-content/uploads/sites/11/2023/09/GettyImages-1277533180-1215x810.jpg" class="single-cta__image" alt="" loading="lazy" srcset="https://www.sage.com/de-de/blog/wp-content/uploads/sites/11/2023/09/GettyImages-1277533180-1215x810.jpg 1215w" sizes="auto, (min-width: 48em) 33vw, 100vw" />			</div>
</div>

<p>Dass ein Mitarbeiter bisweilen aufgrund einer Erkrankung vom Arbeitsplatz fernbleibt, ist normal und sollte vom Unternehmen nicht beanstandet werden. Häufen sich die Fehlzeiten hingegen und fällt ein Arbeitnehmer mehr durch seine Abwesenheit als durch Leistung auf, besteht Handlungsbedarf. Die Fehlzeitenproblematik, die unter dem Begriff Absentismus beschrieben wird, lässt sich nicht so einfach quantifizieren und hängt [&hellip;]</p>
