{"id":259,"date":"2024-12-06T11:36:58","date_gmt":"2024-12-06T10:36:58","guid":{"rendered":"https:\/\/www.sage.com\/de-de\/blog\/glossary\/jahresarbeitsentgeltgrenze\/"},"modified":"2025-12-16T16:44:00","modified_gmt":"2025-12-16T15:44:00","slug":"jahresarbeitsentgeltgrenze","status":"publish","type":"sage_glossary","link":"https:\/\/www.sage.com\/de-de\/blog\/lexikon\/jahresarbeitsentgeltgrenze\/","title":{"rendered":"Jahresarbeitsentgeltgrenze"},"content":{"rendered":"<header class=\"entry-header has-dark-background-color entry-header--has-illustration entry-header--has-illustration--generic\">\n\t<div class=\"container\">\n\t\t<div class=\"entry-header__row row align-center\">\n\t\t\t<div class=\"col col-lg-7 col-xlg-6 entry-header__content\">\n\t\t\t\t\t\t\t<div class=\"component component-single-header\">\n\t\t\t\t\t\t\t\t\t\t<div class=\"entry-header__misc text--subtitle text--uppercase text--small\">\n\t\t\t\t\t\t\t<a href=\"https:\/\/www.sage.com\/de-de\/blog\/lexikon\/\" class=\"entry-header__link\">Beschreibung im Lexikon<\/a>\t\t\t\t\t\t<\/div>\n\t\t\t\t\n\t\t\t\t<div class=\"entry-title-wrapper\">\n\t\t\t\t\t<h1 class=\"entry-title\">\n\t\t\t\t\t\tJahresarbeitsentgeltgrenze\t\t\t\t\t<\/h1>\n\t\t\t\t<\/div>\n\n\t\t\t\t\n\t\t\t\t\n\t\t\t\t\n\t\t\t<\/div>\n\n\t\t\t\t\t<\/div>\n\t\t\t\t\t<\/div>\n\t<\/div>\n\t<div class=\"single-post-details container\">\n\t\t<div class=\"col\">\n\t\t\t<span class=\"reading-time\"> Minuten zu lesen<\/span>\n\t\t<button\n\t\t\ttype=\"button\"\n\t\t\tclass=\"social-share-button button button--icon button--secondary js-social-share-button\"\n\t\t\tdata-share-title=\"Jahresarbeitsentgeltgrenze\"\n\t\t\tdata-share-url=\"https:\/\/www.sage.com\/de-de\/blog\/lexikon\/jahresarbeitsentgeltgrenze\/\"\n\t\t\tdata-share-text=\"Bitte lesen Sie diesen interessanten Artikel\"\n\t\t>\n\t\t\t<span class=\"social-share-button__share-label\">Teilen<\/span>\n\t\t\t<span class=\"social-share-button__copy-label\" hidden>Link kopieren<\/span>\n\t\t\t<span class=\"social-share-button__copy-tooltip\" aria-hidden=\"true\" hidden>Kopiert<\/span>\n\t\t<\/button>\n\n\t\t\t\t<\/div>\n\t<\/div>\n<\/header>\n\n\n\n\n\n<p>Die Jahresarbeitsentgeltgrenze, die auch als Versicherungspflichtgrenze bezeichnet wird, ist eine Gr\u00f6\u00dfe der Sozialversicherung. Die Grenze markiert den Wert, bis zu dem Arbeitnehmer in der gesetzlichen Krankenversicherung pflichtversichert sind. Das Sozialgesetzbuch regelt die Versicherungspflicht in der gesetzlichen Kranken-, Pflege-, Unfall-, Arbeitslosen- und Rentenversicherung von Arbeitnehmern. Arbeiter, Angestellte und Auszubildende unterliegen in der Regel der Sozialversicherungspflicht. F\u00fcr die gesetzliche Krankenversicherung gilt jedoch eine bestimmte Einkommensgrenze. Wer mit seinem Verdienst \u00fcber der Jahresarbeitsentgeltgrenze liegt, kann sich f\u00fcr eine <a href=\"https:\/\/www.sage.com\/de-de\/blog\/lexikon\/private-krankenversicherung\/\">private Krankenversicherung<\/a> entscheiden oder bleibt als freiwilliges Mitglied in der <a href=\"https:\/\/www.sage.com\/de-de\/blog\/lexikon\/gesetzliche-krankenversicherung\/\">gesetzlichen Krankenversicherung<\/a>.<\/p>\n\n\n\n<p>Die Bundesregierung setzt die Versicherungspflichtgrenze j\u00e4hrlich auf Basis des aktuellen Lohnniveaus neu fest. Gesetzliche Grundlage ist das F\u00fcnfte Buch des Sozialgesetzbuchs. F\u00fcr das Jahr 2026 hat der Gesetzgeber die Grenze auf ein Jahreseinkommen von 77.400 Euro (2025:\u00a073.800 Euro) festgelegt. Als Basis gilt das regelm\u00e4\u00dfige Bruttoeinkommen, das sich aus dem Arbeitsvertrag ergibt. Einmalzahlungen, die nicht regelm\u00e4\u00dfig vorkommen, bleiben unber\u00fccksichtigt. Auch \u00dcberstundenverg\u00fctungen oder Fahrtkostenzusch\u00fcsse werden nicht angerechnet.<\/p>\n\n\n\n<h4 class=\"wp-block-heading\" id=\"h-uberblick-lohnabrechnung-zum-jahreswechsel\"><strong>\u00dcberblick Lohnabrechnung zum Jahreswechsel<\/strong><\/h4>\n\n\n\n<p>Alle wichtigen gesetzlichen \u00c4nderungen, eine Checkliste mit allen Zahlungsterminen&nbsp;und weitere top-aktuelle Artikel zum Jahreswechsel finden Sie auf unserer \u00dcberblicksseite&nbsp;<a href=\"https:\/\/www.sage.com\/de-de\/blog\/lohnabrechnung-zum-jahreswechsel-2023-2024\">Jahreswechsel Lohnbuchhaltung <\/a>.<\/p>\n\n\n\n<div class=\"single-cta gated-content\">\n\t<div class=\"single-cta__positioner\">\n\t\t<div class=\"single-cta__wrapper has-dark-background-color\">\n\t\t\t<div class=\"single-cta__content\">\n\t\t\t\t\t\t\t\t<h2 class=\"single-cta__title h3\">E-Book Lohnwegweiser 2026<\/h2>\n\n\t\t\t\t\t\t\t\t\t<div class=\"single-cta__description\">\n\t\t\t\t\t\t<p><!-- wp:paragraph --><\/p>\n<p><strong>Mit dem kostenfreien Lohnwegweiser fit f\u00fcr den Jahreswechsel und das neue Jahr!<\/strong><\/p>\n<p><!-- \/wp:paragraph --><\/p>\n<p><!-- wp:list --><\/p>\n<ul class=\"wp-block-list\"><!-- wp:list-item --><\/p>\n<li>B\u00fcrokratieentlastungsgesetz IV<\/li>\n<p><!-- \/wp:list-item --><\/p>\n<p><!-- wp:list-item --><\/p>\n<li>Minijob und Mindestlohn 2026<\/li>\n<p><!-- \/wp:list-item --><\/p>\n<p><!-- wp:list-item --><\/p>\n<li>Beitragss\u00e4tze und Beitragsbemessungsgrenzen 2026<\/li>\n<p><!-- \/wp:list-item --><\/p>\n<p><!-- wp:list-item --><\/p>\n<li>Neue Sachbezugswerte 2026<\/li>\n<p><!-- \/wp:list-item --><\/p>\n<p><!-- wp:list-item --><\/p>\n<li>Entgelttransparenzgesetz 2026<\/li>\n<p><!-- \/wp:list-item --><\/p>\n<p><!-- wp:list-item --><\/p>\n<li>Digitale SV-Meldungen<\/li>\n<p><!-- \/wp:list-item --><\/p>\n<p><!-- wp:list-item --><\/p>\n<li>Checklisten und Zahlungstermine 2026<\/li>\n<p><!-- \/wp:list-item --><\/ul>\n<p><!-- \/wp:list --><\/p>\n<p><!-- wp:paragraph --><\/p>\n<p><!-- \/wp:paragraph --><\/p>\n<p><!-- wp:paragraph --><\/p>\n<p><!-- \/wp:paragraph --><\/p>\n\t\t\t\t\t<\/div>\n\t\t\t\t\n\t\t\t\t\t\t\t\t\t\t\t\t\t\t<a\n\t\t\t\t\t\thref=\"#gate-8f3f8a19-d6b1-4aaf-a54c-ff091bb23092\"\n\t\t\t\t\t\tclass=\"single-cta__button button button--primary\"\n\t\t\t\t\t\t\t\t\t\t\t\t\t\t\t\t\t>Jetzt kostenfreies E-Book herunterladen<\/a>\n\t\t\t\t\t\t\t<\/div>\n\n\t\t\t\t\t<\/div>\n\n\t\t\t\t\t<img decoding=\"async\" width=\"1214\" height=\"810\" src=\"https:\/\/www.sage.com\/de-de\/blog\/wp-content\/uploads\/sites\/11\/2023\/09\/GettyImages-1181224214-1214x810.jpg\" class=\"single-cta__image\" alt=\"\" loading=\"lazy\" srcset=\"https:\/\/www.sage.com\/de-de\/blog\/wp-content\/uploads\/sites\/11\/2023\/09\/GettyImages-1181224214-1214x810.jpg 1214w\" sizes=\"auto, (min-width: 48em) 33vw, 100vw\" \/>\t\t\t<\/div>\n<\/div>\n\n\n\n<h2 class=\"wp-block-heading\" id=\"h-die-entwicklung-der-versicherungspflichtgrenze\">Die Entwicklung der Versicherungspflichtgrenze<\/h2>\n\n\n\n<p>Innerhalb der letzten Jahre nahm der Gesetzgeber diverse Anpassungen der Grenze vor. So ist die Jahresarbeitsentgeltgrenze innerhalb der letzten Jahre von 47.250 Euro im Jahr 2006 auf 73.800 Euro im Jahr 2025 (2024:&nbsp;69.300 Euro) gestiegen. In einigen Jahren wurden keine Anpassungen vorgenommen. Zur Festlegung der Versicherungspflichtgrenze pr\u00fcft der Gesetzgeber die Lohn- und Gehaltsentwicklung und ermittelt, wie sich die Werte im Vergleich zu den Vorjahren ver\u00e4ndert haben.<\/p>\n\n\n\n<figure class=\"wp-block-pullquote\"><blockquote><p>Tipp: <a href=\"https:\/\/www.sage.com\/de-de\/sage-business-cloud\/hr\/\" target=\"_blank\" rel=\"noreferrer noopener\">Wollen Sie Ihre Personalarbeit optimieren? Entdecken Sie die flexible Cloud-L\u00f6sung f\u00fcr agiles Personalmanagement<\/a><\/p><\/blockquote><\/figure>\n\n\n\n<h2 class=\"wp-block-heading\" id=\"h-die-besondere-jahresarbeitsentgeltgrenze\">Die besondere Jahresarbeitsentgeltgrenze<\/h2>\n\n\n\n<p>Seit 2003 gibt es zwei unterschiedliche Grenzen. F\u00fcr Arbeitnehmer, die am 31.12.2002 mit ihrem Einkommen \u00fcber der Jahresarbeitsentgeltgrenze lagen und zu diesem Zeitpunkt in der privaten Krankenversicherung abgesichert waren, gilt eine besondere Grenze. Der Gesetzgeber hat die besondere Versicherungspflichtgrenze f\u00fcr 2025 auf 66.150 Euro j\u00e4hrlich festgesetzt.<\/p>\n\n\n\n<h2 class=\"wp-block-heading\" id=\"h-das-uberschreiten-der-jahresarbeitsentgeltgrenze\">Das \u00dcberschreiten der Jahresarbeitsentgeltgrenze<\/h2>\n\n\n\n<p>Grunds\u00e4tzlich wird jeder Versicherte, der w\u00e4hrend eines laufenden Kalenderjahres mit seinem Einkommen die Jahresarbeitsentgeltgrenze \u00fcberschreitet, mit Beginn des neuen Jahres versicherungsfrei. Die Versicherungsfreiheit gilt unter der Bedingung, dass auch das Einkommen im Folgejahr \u00fcber der Grenze liegt. Handelt es sich um ein neues Arbeitsverh\u00e4ltnis, mit dem der Arbeitnehmer gleich \u00fcber der gesetzlichen Grenze liegt, besteht die Versicherungsfreiheit von Beginn an. Der <a href=\"https:\/\/www.sage.com\/de-de\/blog\/lexikon\/arbeitgeber\/\">Arbeitgeber<\/a> ist verpflichtet, die Grenzen bei Beginn einer Besch\u00e4ftigung, zu Beginn eines neuen <a href=\"https:\/\/www.sage.com\/de-de\/blog\/darum-zum-jahreswechsel-ueber-den-wechsel-der-lohnabrechnung-nachdenken\/\" target=\"_blank\" rel=\"noopener\">Kalenderjahres<\/a> oder bei einer Gehaltserh\u00f6hung zu \u00fcberpr\u00fcfen. Auch wenn der Arbeitnehmer Einkommen aus mehreren Jobs bezieht, muss der Arbeitgeber die Grenze pr\u00fcfen, indem er alle Einnahmen ber\u00fccksichtigt.<\/p>\n\n\n<div class=\"single-cta\">\n\t<div class=\"single-cta__positioner\">\n\t\t<div class=\"single-cta__wrapper has-dark-background-color\">\n\t\t\t<div class=\"single-cta__content\">\n\t\t\t\t\t\t\t\t<h2 class=\"single-cta__title h3\">2026: Alle neuen Gesetze immer im Blick<\/h2>\n\n\t\t\t\t\t\t\t\t\t<div class=\"single-cta__description\">\n\t\t\t\t\t\t<p><!-- wp:paragraph --><\/p>\n<p><strong>Bleiben Sie informiert &#8211; mit unserem Newsletter<\/strong> 1x im Monat<\/p>\n<p><!-- \/wp:paragraph --><\/p>\n<p><!-- wp:list --><\/p>\n<ul class=\"wp-block-list\"><!-- wp:list-item --><\/p>\n<li>Neue Trends aus der Arbeitswelt<\/li>\n<p><!-- \/wp:list-item --><\/p>\n<p><!-- wp:list-item --><\/p>\n<li>Aktuelle Urteile verst\u00e4ndlich erkl\u00e4rt<\/li>\n<p><!-- \/wp:list-item --><\/p>\n<p><!-- wp:list-item --><\/p>\n<li>Tipps zu Recht, Steuern &amp; Finanzen<\/li>\n<p><!-- \/wp:list-item --><\/p>\n<p><!-- wp:list-item --><\/p>\n<li>Experten-Interviews, Studien u.v.m<\/li>\n<p><!-- \/wp:list-item --><\/ul>\n<p><!-- \/wp:list --><\/p>\n\t\t\t\t\t<\/div>\n\t\t\t\t\n\t\t\t\t\t\t\t\t\t\t\t\t\t\t<a\n\t\t\t\t\t\thref=\"#gate-a59880de-3d38-4b82-914c-ffa16bab6ae7\"\n\t\t\t\t\t\tclass=\"single-cta__button button button--primary\"\n\t\t\t\t\t\t\t\t\t\t\t\t\t\t\t\t\t>Newsletter abonnieren<\/a>\n\t\t\t\t\t\t\t<\/div>\n\n\t\t\t\t\t<\/div>\n\n\t\t\t\t\t<img decoding=\"async\" width=\"1215\" height=\"810\" src=\"https:\/\/www.sage.com\/de-de\/blog\/wp-content\/uploads\/sites\/11\/2023\/09\/GettyImages-1277533180-1215x810.jpg\" class=\"single-cta__image\" alt=\"\" loading=\"lazy\" srcset=\"https:\/\/www.sage.com\/de-de\/blog\/wp-content\/uploads\/sites\/11\/2023\/09\/GettyImages-1277533180-1215x810.jpg 1215w\" sizes=\"auto, (min-width: 48em) 33vw, 100vw\" \/>\t\t\t<\/div>\n<\/div>\n","protected":false},"excerpt":{"rendered":"<p>Die Jahresarbeitsentgeltgrenze, die auch als Versicherungspflichtgrenze bezeichnet wird, ist eine Gr\u00f6\u00dfe der Sozialversicherung. Die Grenze markiert den Wert, bis zu dem Arbeitnehmer in der gesetzlichen Krankenversicherung pflichtversichert sind. Das Sozialgesetzbuch regelt die Versicherungspflicht in der gesetzlichen Kranken-, Pflege-, Unfall-, Arbeitslosen- und Rentenversicherung von Arbeitnehmern. Arbeiter, Angestellte und Auszubildende unterliegen in der Regel der Sozialversicherungspflicht. F\u00fcr [&hellip;]<\/p>\n","protected":false},"author":1231,"featured_media":0,"template":"","meta":{"_sage_video":false,"footnotes":""},"tags":[],"class_list":["post-259","sage_glossary","type-sage_glossary","status-publish","hentry"],"distributor_meta":false,"distributor_terms":false,"distributor_media":false,"distributor_original_site_name":"Sage Advice Deutschland","distributor_original_site_url":"https:\/\/www.sage.com\/de-de\/blog","push-errors":false,"_links":{"self":[{"href":"https:\/\/www.sage.com\/de-de\/blog\/api\/wp\/v2\/sage_glossary\/259","targetHints":{"allow":["GET"]}}],"collection":[{"href":"https:\/\/www.sage.com\/de-de\/blog\/api\/wp\/v2\/sage_glossary"}],"about":[{"href":"https:\/\/www.sage.com\/de-de\/blog\/api\/wp\/v2\/types\/sage_glossary"}],"author":[{"embeddable":true,"href":"https:\/\/www.sage.com\/de-de\/blog\/api\/wp\/v2\/users\/1231"}],"version-history":[{"count":0,"href":"https:\/\/www.sage.com\/de-de\/blog\/api\/wp\/v2\/sage_glossary\/259\/revisions"}],"wp:attachment":[{"href":"https:\/\/www.sage.com\/de-de\/blog\/api\/wp\/v2\/media?parent=259"}],"wp:term":[{"taxonomy":"post_tag","embeddable":true,"href":"https:\/\/www.sage.com\/de-de\/blog\/api\/wp\/v2\/tags?post=259"}],"curies":[{"name":"wp","href":"https:\/\/api.w.org\/{rel}","templated":true}]}}

<header class="entry-header has-dark-background-color entry-header--has-illustration entry-header--has-illustration--generic">
	<div class="container">
		<div class="entry-header__row row align-center">
			<div class="col col-lg-7 col-xlg-6 entry-header__content">
							<div class="component component-single-header">
										<div class="entry-header__misc text--subtitle text--uppercase text--small">
							<a href="https://www.sage.com/de-de/blog/lexikon/" class="entry-header__link">Beschreibung im Lexikon</a>						</div>
				
				<div class="entry-title-wrapper">
					<h1 class="entry-title">
						Jahresarbeitsentgeltgrenze					</h1>
				</div>

				
				
				
			</div>

					</div>
					</div>
	</div>
	<div class="single-post-details container">
		<div class="col">
			<span class="reading-time"> Minuten zu lesen</span>
		<button
			type="button"
			class="social-share-button button button--icon button--secondary js-social-share-button"
			data-share-title="Jahresarbeitsentgeltgrenze"
			data-share-url="https://www.sage.com/de-de/blog/lexikon/jahresarbeitsentgeltgrenze/"
			data-share-text="Bitte lesen Sie diesen interessanten Artikel"
		>
			<span class="social-share-button__share-label">Teilen</span>
			<span class="social-share-button__copy-label" hidden>Link kopieren</span>
			<span class="social-share-button__copy-tooltip" aria-hidden="true" hidden>Kopiert</span>
		</button>

				</div>
	</div>
</header>





<p>Die Jahresarbeitsentgeltgrenze, die auch als Versicherungspflichtgrenze bezeichnet wird, ist eine Größe der Sozialversicherung. Die Grenze markiert den Wert, bis zu dem Arbeitnehmer in der gesetzlichen Krankenversicherung pflichtversichert sind. Das Sozialgesetzbuch regelt die Versicherungspflicht in der gesetzlichen Kranken-, Pflege-, Unfall-, Arbeitslosen- und Rentenversicherung von Arbeitnehmern. Arbeiter, Angestellte und Auszubildende unterliegen in der Regel der Sozialversicherungspflicht. Für die gesetzliche Krankenversicherung gilt jedoch eine bestimmte Einkommensgrenze. Wer mit seinem Verdienst über der Jahresarbeitsentgeltgrenze liegt, kann sich für eine <a href="https://www.sage.com/de-de/blog/lexikon/private-krankenversicherung/">private Krankenversicherung</a> entscheiden oder bleibt als freiwilliges Mitglied in der <a href="https://www.sage.com/de-de/blog/lexikon/gesetzliche-krankenversicherung/">gesetzlichen Krankenversicherung</a>.</p>



<p>Die Bundesregierung setzt die Versicherungspflichtgrenze jährlich auf Basis des aktuellen Lohnniveaus neu fest. Gesetzliche Grundlage ist das Fünfte Buch des Sozialgesetzbuchs. Für das Jahr 2026 hat der Gesetzgeber die Grenze auf ein Jahreseinkommen von 77.400 Euro (2025: 73.800 Euro) festgelegt. Als Basis gilt das regelmäßige Bruttoeinkommen, das sich aus dem Arbeitsvertrag ergibt. Einmalzahlungen, die nicht regelmäßig vorkommen, bleiben unberücksichtigt. Auch Überstundenvergütungen oder Fahrtkostenzuschüsse werden nicht angerechnet.</p>



<h4 class="wp-block-heading" id="h-uberblick-lohnabrechnung-zum-jahreswechsel"><strong>Überblick Lohnabrechnung zum Jahreswechsel</strong></h4>



<p>Alle wichtigen gesetzlichen Änderungen, eine Checkliste mit allen Zahlungsterminen&nbsp;und weitere top-aktuelle Artikel zum Jahreswechsel finden Sie auf unserer Überblicksseite&nbsp;<a href="https://www.sage.com/de-de/blog/lohnabrechnung-zum-jahreswechsel-2023-2024">Jahreswechsel Lohnbuchhaltung </a>.</p>



<div class="single-cta gated-content">
	<div class="single-cta__positioner">
		<div class="single-cta__wrapper has-dark-background-color">
			<div class="single-cta__content">
								<h2 class="single-cta__title h3">E-Book Lohnwegweiser 2026</h2>

									<div class="single-cta__description">
						<p><!-- wp:paragraph --></p>
<p><strong>Mit dem kostenfreien Lohnwegweiser fit für den Jahreswechsel und das neue Jahr!</strong></p>
<p><!-- /wp:paragraph --></p>
<p><!-- wp:list --></p>
<ul class="wp-block-list"><!-- wp:list-item --></p>
<li>Bürokratieentlastungsgesetz IV</li>
<p><!-- /wp:list-item --></p>
<p><!-- wp:list-item --></p>
<li>Minijob und Mindestlohn 2026</li>
<p><!-- /wp:list-item --></p>
<p><!-- wp:list-item --></p>
<li>Beitragssätze und Beitragsbemessungsgrenzen 2026</li>
<p><!-- /wp:list-item --></p>
<p><!-- wp:list-item --></p>
<li>Neue Sachbezugswerte 2026</li>
<p><!-- /wp:list-item --></p>
<p><!-- wp:list-item --></p>
<li>Entgelttransparenzgesetz 2026</li>
<p><!-- /wp:list-item --></p>
<p><!-- wp:list-item --></p>
<li>Digitale SV-Meldungen</li>
<p><!-- /wp:list-item --></p>
<p><!-- wp:list-item --></p>
<li>Checklisten und Zahlungstermine 2026</li>
<p><!-- /wp:list-item --></ul>
<p><!-- /wp:list --></p>
<p><!-- wp:paragraph --></p>
<p><!-- /wp:paragraph --></p>
<p><!-- wp:paragraph --></p>
<p><!-- /wp:paragraph --></p>
					</div>
				
														<a
						href="#gate-8f3f8a19-d6b1-4aaf-a54c-ff091bb23092"
						class="single-cta__button button button--primary"
																	>Jetzt kostenfreies E-Book herunterladen</a>
							</div>

					</div>

					<img decoding="async" width="1214" height="810" src="https://www.sage.com/de-de/blog/wp-content/uploads/sites/11/2023/09/GettyImages-1181224214-1214x810.jpg" class="single-cta__image" alt="" loading="lazy" srcset="https://www.sage.com/de-de/blog/wp-content/uploads/sites/11/2023/09/GettyImages-1181224214-1214x810.jpg 1214w" sizes="auto, (min-width: 48em) 33vw, 100vw" />			</div>
</div>



<h2 class="wp-block-heading" id="h-die-entwicklung-der-versicherungspflichtgrenze">Die Entwicklung der Versicherungspflichtgrenze</h2>



<p>Innerhalb der letzten Jahre nahm der Gesetzgeber diverse Anpassungen der Grenze vor. So ist die Jahresarbeitsentgeltgrenze innerhalb der letzten Jahre von 47.250 Euro im Jahr 2006 auf 73.800 Euro im Jahr 2025 (2024:&nbsp;69.300 Euro) gestiegen. In einigen Jahren wurden keine Anpassungen vorgenommen. Zur Festlegung der Versicherungspflichtgrenze prüft der Gesetzgeber die Lohn- und Gehaltsentwicklung und ermittelt, wie sich die Werte im Vergleich zu den Vorjahren verändert haben.</p>



<figure class="wp-block-pullquote"><blockquote><p>Tipp: <a href="https://www.sage.com/de-de/sage-business-cloud/hr/" target="_blank" rel="noreferrer noopener">Wollen Sie Ihre Personalarbeit optimieren? Entdecken Sie die flexible Cloud-Lösung für agiles Personalmanagement</a></p></blockquote></figure>



<h2 class="wp-block-heading" id="h-die-besondere-jahresarbeitsentgeltgrenze">Die besondere Jahresarbeitsentgeltgrenze</h2>



<p>Seit 2003 gibt es zwei unterschiedliche Grenzen. Für Arbeitnehmer, die am 31.12.2002 mit ihrem Einkommen über der Jahresarbeitsentgeltgrenze lagen und zu diesem Zeitpunkt in der privaten Krankenversicherung abgesichert waren, gilt eine besondere Grenze. Der Gesetzgeber hat die besondere Versicherungspflichtgrenze für 2025 auf 66.150 Euro jährlich festgesetzt.</p>



<h2 class="wp-block-heading" id="h-das-uberschreiten-der-jahresarbeitsentgeltgrenze">Das Überschreiten der Jahresarbeitsentgeltgrenze</h2>



<p>Grundsätzlich wird jeder Versicherte, der während eines laufenden Kalenderjahres mit seinem Einkommen die Jahresarbeitsentgeltgrenze überschreitet, mit Beginn des neuen Jahres versicherungsfrei. Die Versicherungsfreiheit gilt unter der Bedingung, dass auch das Einkommen im Folgejahr über der Grenze liegt. Handelt es sich um ein neues Arbeitsverhältnis, mit dem der Arbeitnehmer gleich über der gesetzlichen Grenze liegt, besteht die Versicherungsfreiheit von Beginn an. Der <a href="https://www.sage.com/de-de/blog/lexikon/arbeitgeber/">Arbeitgeber</a> ist verpflichtet, die Grenzen bei Beginn einer Beschäftigung, zu Beginn eines neuen <a href="https://www.sage.com/de-de/blog/darum-zum-jahreswechsel-ueber-den-wechsel-der-lohnabrechnung-nachdenken/" target="_blank" rel="noopener">Kalenderjahres</a> oder bei einer Gehaltserhöhung zu überprüfen. Auch wenn der Arbeitnehmer Einkommen aus mehreren Jobs bezieht, muss der Arbeitgeber die Grenze prüfen, indem er alle Einnahmen berücksichtigt.</p>


<div class="single-cta">
	<div class="single-cta__positioner">
		<div class="single-cta__wrapper has-dark-background-color">
			<div class="single-cta__content">
								<h2 class="single-cta__title h3">2026: Alle neuen Gesetze immer im Blick</h2>

									<div class="single-cta__description">
						<p><!-- wp:paragraph --></p>
<p><strong>Bleiben Sie informiert &#8211; mit unserem Newsletter</strong> 1x im Monat</p>
<p><!-- /wp:paragraph --></p>
<p><!-- wp:list --></p>
<ul class="wp-block-list"><!-- wp:list-item --></p>
<li>Neue Trends aus der Arbeitswelt</li>
<p><!-- /wp:list-item --></p>
<p><!-- wp:list-item --></p>
<li>Aktuelle Urteile verständlich erklärt</li>
<p><!-- /wp:list-item --></p>
<p><!-- wp:list-item --></p>
<li>Tipps zu Recht, Steuern &amp; Finanzen</li>
<p><!-- /wp:list-item --></p>
<p><!-- wp:list-item --></p>
<li>Experten-Interviews, Studien u.v.m</li>
<p><!-- /wp:list-item --></ul>
<p><!-- /wp:list --></p>
					</div>
				
														<a
						href="#gate-a59880de-3d38-4b82-914c-ffa16bab6ae7"
						class="single-cta__button button button--primary"
																	>Newsletter abonnieren</a>
							</div>

					</div>

					<img decoding="async" width="1215" height="810" src="https://www.sage.com/de-de/blog/wp-content/uploads/sites/11/2023/09/GettyImages-1277533180-1215x810.jpg" class="single-cta__image" alt="" loading="lazy" srcset="https://www.sage.com/de-de/blog/wp-content/uploads/sites/11/2023/09/GettyImages-1277533180-1215x810.jpg 1215w" sizes="auto, (min-width: 48em) 33vw, 100vw" />			</div>
</div>

<p>Die Jahresarbeitsentgeltgrenze, die auch als Versicherungspflichtgrenze bezeichnet wird, ist eine Größe der Sozialversicherung. Die Grenze markiert den Wert, bis zu dem Arbeitnehmer in der gesetzlichen Krankenversicherung pflichtversichert sind. Das Sozialgesetzbuch regelt die Versicherungspflicht in der gesetzlichen Kranken-, Pflege-, Unfall-, Arbeitslosen- und Rentenversicherung von Arbeitnehmern. Arbeiter, Angestellte und Auszubildende unterliegen in der Regel der Sozialversicherungspflicht. Für [&hellip;]</p>
