{"id":269,"date":"2017-12-01T10:49:06","date_gmt":"2017-12-01T10:49:06","guid":{"rendered":"https:\/\/www.sage.com\/de-de\/blog\/glossary\/jugendarbeitsschutzgesetz\/"},"modified":"2026-01-23T11:33:32","modified_gmt":"2026-01-23T10:33:32","slug":"jugendarbeitsschutzgesetz","status":"publish","type":"sage_glossary","link":"https:\/\/www.sage.com\/de-de\/blog\/lexikon\/jugendarbeitsschutzgesetz\/","title":{"rendered":"Jugendarbeitsschutzgesetz"},"content":{"rendered":"<header class=\"entry-header has-dark-background-color entry-header--has-illustration entry-header--has-illustration--generic\">\n\t<div class=\"container\">\n\t\t<div class=\"entry-header__row row align-center\">\n\t\t\t<div class=\"col col-lg-7 col-xlg-6 entry-header__content\">\n\t\t\t\t\t\t\t<div class=\"component component-single-header\">\n\t\t\t\t\t\t\t\t\t\t<div class=\"entry-header__misc text--subtitle text--uppercase text--small\">\n\t\t\t\t\t\t\t<a href=\"https:\/\/www.sage.com\/de-de\/blog\/lexikon\/\" class=\"entry-header__link\">Beschreibung im Lexikon<\/a>\t\t\t\t\t\t<\/div>\n\t\t\t\t\n\t\t\t\t<div class=\"entry-title-wrapper\">\n\t\t\t\t\t<h1 class=\"entry-title\">\n\t\t\t\t\t\tJugendarbeitsschutzgesetz\t\t\t\t\t<\/h1>\n\t\t\t\t<\/div>\n\n\t\t\t\t\n\t\t\t\t\n\t\t\t\t\n\t\t\t<\/div>\n\n\t\t\t\t\t<\/div>\n\t\t\t\t\t<\/div>\n\t<\/div>\n\t<div class=\"single-post-details container\">\n\t\t<div class=\"col\">\n\t\t\t<span class=\"reading-time\"> Minuten zu lesen<\/span>\n\t\t<button\n\t\t\ttype=\"button\"\n\t\t\tclass=\"social-share-button button button--icon button--secondary js-social-share-button\"\n\t\t\tdata-share-title=\"Jugendarbeitsschutzgesetz\"\n\t\t\tdata-share-url=\"https:\/\/www.sage.com\/de-de\/blog\/lexikon\/jugendarbeitsschutzgesetz\/\"\n\t\t\tdata-share-text=\"Bitte lesen Sie diesen interessanten Artikel\"\n\t\t>\n\t\t\t<span class=\"social-share-button__share-label\">Teilen<\/span>\n\t\t\t<span class=\"social-share-button__copy-label\" hidden>Link kopieren<\/span>\n\t\t\t<span class=\"social-share-button__copy-tooltip\" aria-hidden=\"true\" hidden>Kopiert<\/span>\n\t\t<\/button>\n\n\t\t\t\t<\/div>\n\t<\/div>\n<\/header>\n<div class=\"sage-block-classic-wrapper\">\n\n\n\n<p>Wer Kinder oder Jugendliche in seinem Unternehmen besch\u00e4ftigt, der muss sich an die Vorgaben des Jugendarbeitsschutzgesetzes halten. Die Geschichte des Jugendschutzes geht weit zur\u00fcck. So gab es die ersten Bem\u00fchungen in diese Richtung bereits im 19. Jahrhundert. Nachdem die Industrialisierung stetig zunahm, wurde der Bedarf an festen Regeln f\u00fcr die Arbeitszeit von Kindern und Jugendlicher gr\u00f6\u00dfer. In Preu\u00dfen wurde 1839 das erste Verbot ausgesprochen. Es bezog sich auf die Fabrikarbeit von Kindern, die das 9. Lebensjahr noch nicht vollendet hatten. Diese durften nicht mehr in den Fabriken aktiv sein. Auch Regeln f\u00fcr Jugendliche im Alter von bis zu 16 Jahren wurden bereits festgelegt. Deren Arbeitszeit durfte zehn Stunden nicht \u00fcberschreiten. Die Grundlage f\u00fcr das Jugendarbeitsschutzgesetz, wie es heute bekannt ist, wurde 1960 verabschiedet. Zur damaligen Zeit durften Kinder und Jugendliche nicht l\u00e4nger als 40 Stunden pro Woche arbeiten. Wer noch keine 18 Jahre alt war, konnte durch den <a href=\"https:\/\/www.sage.com\/de-de\/blog\/lexikon\/arbeitgeber\/\">Arbeitgeber<\/a> nicht am Flie\u00dfband oder f\u00fcr die Akkordarbeit eingesetzt werden. Kinderarbeit wurde ausgeschlossen. Es folgten mehrere Anpassungen der Vorgaben. Die letzte Aktualisierung erfolgte im Jahr 1994.<\/p>\n<h2>Die Arbeitszeit nach dem Jugendarbeitsschutzgesetz<\/h2>\n<p>F\u00fcr den Arbeitgeber ist das Jugendarbeitsschutzgesetz bei der Einstellung von Jugendlichen und Kindern bindend. Sowohl die Arbeitszeit als auch der Urlaub werden darin klar definiert. Jugendlichen ist es nicht erlaubt, innerhalb einer 5-Tage-Woche l\u00e4nger als 40 Stunden zu arbeiten. Wird durch den Arbeitgeber eine Mehrarbeit verlangt, muss diese nicht durchgef\u00fchrt werden. Auch eine Pause ist f\u00fcr Jugendliche unter 18 Jahren verbindlich. Zudem muss diese sp\u00e4testens 4,5 Stunden nach Arbeitsbeginn genommen werden. Wer t\u00e4glich bis zu sechs Stunden arbeitet, erh\u00e4lt 30 Minuten Pause. Wer mehr als sechs Stunden arbeitet, darf eine Stunde Pause machen. Die Besch\u00e4ftigung am Wochenende ist durch das Jugendarbeitsschutzgesetz untersagt. Ausnahmen gibt es lediglich in wenigen F\u00e4llen, beispielsweise bei der Arbeit im medizinischen Bereich.<\/p>\n<p>Grunds\u00e4tzlich muss die <a href=\"https:\/\/www.sage.com\/de-de\/blog\/lexikon\/arbeitszeit\/\">Arbeitszeit<\/a> zwischen 6 Uhr und 20 Uhr liegen. Ausnahmen gibt es jedoch, beispielsweise bei Veranstaltungen oder bei Arbeiten in einer B\u00e4ckerei oder im Restaurant. Die <a href=\"https:\/\/www.sage.com\/de-de\/blog\/die-wichtigsten-erfolgsfaktoren-zur-umsetzung-von-work-life-balance-massnahmen-im-unternehmen\/\" target=\"_blank\" rel=\"noopener\">Work-Life-Balance<\/a> spielt bei Jugendlichen dennoch eine gro\u00dfe Rolle.<\/p>\n<blockquote>\n<h2>Tipp:<\/h2>\n<p><span data-sheets-value=\"{&quot;1&quot;:2,&quot;2&quot;:&quot;HR-Prozesse optimieren und effektiv gestalten - finden Sie jetzt die optimale Personalsoftware f\u00fcr Ihr Unternehmen&quot;}\" data-sheets-userformat=\"{&quot;2&quot;:8897,&quot;3&quot;:{&quot;1&quot;:0},&quot;9&quot;:0,&quot;10&quot;:0,&quot;12&quot;:0,&quot;16&quot;:10}\">HR-Prozesse optimieren und effektiv gestalten &#8211; <a href=\"https:\/\/www.sage.com\/de-de\/produkte\/sage-hr-suite-personal-software\/\">finden Sie jetzt die optimale Personalsoftware f\u00fcr Ihr Unternehmen<\/a><\/span><\/p><\/blockquote>\n<h2>Der Urlaubsanspruch nach dem Jugendarbeitsschutzgesetz<\/h2>\n<p>Wie hoch der Urlaubsanspruch ist, h\u00e4ngt davon ab, wie alt der besch\u00e4ftigte Jugendliche ist:<\/p>\n<ul>\n<li>mindestens 30 Werktage, wenn der Jugendliche zu Beginn des Kalenderjahrs noch nicht 16 Jahre alt ist,<\/li>\n<li>mindestens 27 Werktage, wenn der Jugendliche zu Beginn des Kalenderjahrs noch nicht 17 Jahre alt ist,<\/li>\n<li>mindestens 25 Werktage, wenn der Jugendliche zu Beginn des Kalenderjahrs noch nicht 18 Jahre alt ist.<\/li>\n<\/ul>\n<p>F\u00fcr die Einstellung in einem Betrieb m\u00fcssen jugendliche Bewerber mindestens 15 Jahre alt sein. Auch hier gibt es Ausnahmen. So k\u00f6nnen Jugendliche schon vor dem 15. Geburtstag Arbeiten in der Landwirtschaft verrichten, Zeitungen austragen oder kleine Dienste \u00fcbernehmen.<\/p>\n<\/div>\n<div class=\"single-cta\">\n\t<div class=\"single-cta__positioner\">\n\t\t<div class=\"single-cta__wrapper has-dark-background-color\">\n\t\t\t<div class=\"single-cta__content\">\n\t\t\t\t\t\t\t\t<h2 class=\"single-cta__title h3\">2026: Alle neuen Gesetze immer im Blick<\/h2>\n\n\t\t\t\t\t\t\t\t\t<div class=\"single-cta__description\">\n\t\t\t\t\t\t<p><!-- wp:paragraph --><\/p>\n<p><strong>Bleiben Sie informiert &#8211; mit unserem Newsletter<\/strong> 1x im Monat<\/p>\n<p><!-- \/wp:paragraph --><\/p>\n<p><!-- wp:list --><\/p>\n<ul class=\"wp-block-list\"><!-- wp:list-item --><\/p>\n<li>Neue Trends aus der Arbeitswelt<\/li>\n<p><!-- \/wp:list-item --><\/p>\n<p><!-- wp:list-item --><\/p>\n<li>Aktuelle Urteile verst\u00e4ndlich erkl\u00e4rt<\/li>\n<p><!-- \/wp:list-item --><\/p>\n<p><!-- wp:list-item --><\/p>\n<li>Tipps zu Recht, Steuern &amp; Finanzen<\/li>\n<p><!-- \/wp:list-item --><\/p>\n<p><!-- wp:list-item --><\/p>\n<li>Experten-Interviews, Studien u.v.m<\/li>\n<p><!-- \/wp:list-item --><\/ul>\n<p><!-- \/wp:list --><\/p>\n\t\t\t\t\t<\/div>\n\t\t\t\t\n\t\t\t\t\t\t\t\t\t\t\t\t\t\t<a\n\t\t\t\t\t\thref=\"#gate-a59880de-3d38-4b82-914c-ffa16bab6ae7\"\n\t\t\t\t\t\tclass=\"single-cta__button button button--primary\"\n\t\t\t\t\t\t\t\t\t\t\t\t\t\t\t\t\t>Newsletter abonnieren<\/a>\n\t\t\t\t\t\t\t<\/div>\n\n\t\t\t\t\t<\/div>\n\n\t\t\t\t\t<img decoding=\"async\" width=\"1215\" height=\"810\" src=\"https:\/\/www.sage.com\/de-de\/blog\/wp-content\/uploads\/sites\/11\/2023\/09\/GettyImages-1277533180-1215x810.jpg\" class=\"single-cta__image\" alt=\"\" loading=\"lazy\" srcset=\"https:\/\/www.sage.com\/de-de\/blog\/wp-content\/uploads\/sites\/11\/2023\/09\/GettyImages-1277533180-1215x810.jpg 1215w\" sizes=\"auto, (min-width: 48em) 33vw, 100vw\" \/>\t\t\t<\/div>\n<\/div>\n","protected":false},"excerpt":{"rendered":"<p>Wer Kinder oder Jugendliche in seinem Unternehmen besch\u00e4ftigt, der muss sich an die Vorgaben des Jugendarbeitsschutzgesetzes halten. Die Geschichte des Jugendschutzes geht weit zur\u00fcck. So gab es die ersten Bem\u00fchungen in diese Richtung bereits im 19. Jahrhundert. Nachdem die Industrialisierung stetig zunahm, wurde der Bedarf an festen Regeln f\u00fcr die Arbeitszeit von Kindern und Jugendlicher [&hellip;]<\/p>\n","protected":false},"author":1231,"featured_media":0,"template":"","meta":{"_sage_video":false,"footnotes":""},"tags":[],"class_list":["post-269","sage_glossary","type-sage_glossary","status-publish","hentry"],"distributor_meta":false,"distributor_terms":false,"distributor_media":false,"distributor_original_site_name":"Sage Advice Deutschland","distributor_original_site_url":"https:\/\/www.sage.com\/de-de\/blog","push-errors":false,"_links":{"self":[{"href":"https:\/\/www.sage.com\/de-de\/blog\/api\/wp\/v2\/sage_glossary\/269","targetHints":{"allow":["GET"]}}],"collection":[{"href":"https:\/\/www.sage.com\/de-de\/blog\/api\/wp\/v2\/sage_glossary"}],"about":[{"href":"https:\/\/www.sage.com\/de-de\/blog\/api\/wp\/v2\/types\/sage_glossary"}],"author":[{"embeddable":true,"href":"https:\/\/www.sage.com\/de-de\/blog\/api\/wp\/v2\/users\/1231"}],"version-history":[{"count":0,"href":"https:\/\/www.sage.com\/de-de\/blog\/api\/wp\/v2\/sage_glossary\/269\/revisions"}],"wp:attachment":[{"href":"https:\/\/www.sage.com\/de-de\/blog\/api\/wp\/v2\/media?parent=269"}],"wp:term":[{"taxonomy":"post_tag","embeddable":true,"href":"https:\/\/www.sage.com\/de-de\/blog\/api\/wp\/v2\/tags?post=269"}],"curies":[{"name":"wp","href":"https:\/\/api.w.org\/{rel}","templated":true}]}}

<header class="entry-header has-dark-background-color entry-header--has-illustration entry-header--has-illustration--generic">
	<div class="container">
		<div class="entry-header__row row align-center">
			<div class="col col-lg-7 col-xlg-6 entry-header__content">
							<div class="component component-single-header">
										<div class="entry-header__misc text--subtitle text--uppercase text--small">
							<a href="https://www.sage.com/de-de/blog/lexikon/" class="entry-header__link">Beschreibung im Lexikon</a>						</div>
				
				<div class="entry-title-wrapper">
					<h1 class="entry-title">
						Jugendarbeitsschutzgesetz					</h1>
				</div>

				
				
				
			</div>

					</div>
					</div>
	</div>
	<div class="single-post-details container">
		<div class="col">
			<span class="reading-time"> Minuten zu lesen</span>
		<button
			type="button"
			class="social-share-button button button--icon button--secondary js-social-share-button"
			data-share-title="Jugendarbeitsschutzgesetz"
			data-share-url="https://www.sage.com/de-de/blog/lexikon/jugendarbeitsschutzgesetz/"
			data-share-text="Bitte lesen Sie diesen interessanten Artikel"
		>
			<span class="social-share-button__share-label">Teilen</span>
			<span class="social-share-button__copy-label" hidden>Link kopieren</span>
			<span class="social-share-button__copy-tooltip" aria-hidden="true" hidden>Kopiert</span>
		</button>

				</div>
	</div>
</header>
<div class="sage-block-classic-wrapper">



<p>Wer Kinder oder Jugendliche in seinem Unternehmen beschäftigt, der muss sich an die Vorgaben des Jugendarbeitsschutzgesetzes halten. Die Geschichte des Jugendschutzes geht weit zurück. So gab es die ersten Bemühungen in diese Richtung bereits im 19. Jahrhundert. Nachdem die Industrialisierung stetig zunahm, wurde der Bedarf an festen Regeln für die Arbeitszeit von Kindern und Jugendlicher größer. In Preußen wurde 1839 das erste Verbot ausgesprochen. Es bezog sich auf die Fabrikarbeit von Kindern, die das 9. Lebensjahr noch nicht vollendet hatten. Diese durften nicht mehr in den Fabriken aktiv sein. Auch Regeln für Jugendliche im Alter von bis zu 16 Jahren wurden bereits festgelegt. Deren Arbeitszeit durfte zehn Stunden nicht überschreiten. Die Grundlage für das Jugendarbeitsschutzgesetz, wie es heute bekannt ist, wurde 1960 verabschiedet. Zur damaligen Zeit durften Kinder und Jugendliche nicht länger als 40 Stunden pro Woche arbeiten. Wer noch keine 18 Jahre alt war, konnte durch den <a href="https://www.sage.com/de-de/blog/lexikon/arbeitgeber/">Arbeitgeber</a> nicht am Fließband oder für die Akkordarbeit eingesetzt werden. Kinderarbeit wurde ausgeschlossen. Es folgten mehrere Anpassungen der Vorgaben. Die letzte Aktualisierung erfolgte im Jahr 1994.</p>
<h2>Die Arbeitszeit nach dem Jugendarbeitsschutzgesetz</h2>
<p>Für den Arbeitgeber ist das Jugendarbeitsschutzgesetz bei der Einstellung von Jugendlichen und Kindern bindend. Sowohl die Arbeitszeit als auch der Urlaub werden darin klar definiert. Jugendlichen ist es nicht erlaubt, innerhalb einer 5-Tage-Woche länger als 40 Stunden zu arbeiten. Wird durch den Arbeitgeber eine Mehrarbeit verlangt, muss diese nicht durchgeführt werden. Auch eine Pause ist für Jugendliche unter 18 Jahren verbindlich. Zudem muss diese spätestens 4,5 Stunden nach Arbeitsbeginn genommen werden. Wer täglich bis zu sechs Stunden arbeitet, erhält 30 Minuten Pause. Wer mehr als sechs Stunden arbeitet, darf eine Stunde Pause machen. Die Beschäftigung am Wochenende ist durch das Jugendarbeitsschutzgesetz untersagt. Ausnahmen gibt es lediglich in wenigen Fällen, beispielsweise bei der Arbeit im medizinischen Bereich.</p>
<p>Grundsätzlich muss die <a href="https://www.sage.com/de-de/blog/lexikon/arbeitszeit/">Arbeitszeit</a> zwischen 6 Uhr und 20 Uhr liegen. Ausnahmen gibt es jedoch, beispielsweise bei Veranstaltungen oder bei Arbeiten in einer Bäckerei oder im Restaurant. Die <a href="https://www.sage.com/de-de/blog/die-wichtigsten-erfolgsfaktoren-zur-umsetzung-von-work-life-balance-massnahmen-im-unternehmen/" target="_blank" rel="noopener">Work-Life-Balance</a> spielt bei Jugendlichen dennoch eine große Rolle.</p>
<blockquote>
<h2>Tipp:</h2>
<p><span data-sheets-value="{&quot;1&quot;:2,&quot;2&quot;:&quot;HR-Prozesse optimieren und effektiv gestalten - finden Sie jetzt die optimale Personalsoftware für Ihr Unternehmen&quot;}" data-sheets-userformat="{&quot;2&quot;:8897,&quot;3&quot;:{&quot;1&quot;:0},&quot;9&quot;:0,&quot;10&quot;:0,&quot;12&quot;:0,&quot;16&quot;:10}">HR-Prozesse optimieren und effektiv gestalten &#8211; <a href="https://www.sage.com/de-de/produkte/sage-hr-suite-personal-software/">finden Sie jetzt die optimale Personalsoftware für Ihr Unternehmen</a></span></p></blockquote>
<h2>Der Urlaubsanspruch nach dem Jugendarbeitsschutzgesetz</h2>
<p>Wie hoch der Urlaubsanspruch ist, hängt davon ab, wie alt der beschäftigte Jugendliche ist:</p>
<ul>
<li>mindestens 30 Werktage, wenn der Jugendliche zu Beginn des Kalenderjahrs noch nicht 16 Jahre alt ist,</li>
<li>mindestens 27 Werktage, wenn der Jugendliche zu Beginn des Kalenderjahrs noch nicht 17 Jahre alt ist,</li>
<li>mindestens 25 Werktage, wenn der Jugendliche zu Beginn des Kalenderjahrs noch nicht 18 Jahre alt ist.</li>
</ul>
<p>Für die Einstellung in einem Betrieb müssen jugendliche Bewerber mindestens 15 Jahre alt sein. Auch hier gibt es Ausnahmen. So können Jugendliche schon vor dem 15. Geburtstag Arbeiten in der Landwirtschaft verrichten, Zeitungen austragen oder kleine Dienste übernehmen.</p>
</div>
<div class="single-cta">
	<div class="single-cta__positioner">
		<div class="single-cta__wrapper has-dark-background-color">
			<div class="single-cta__content">
								<h2 class="single-cta__title h3">2026: Alle neuen Gesetze immer im Blick</h2>

									<div class="single-cta__description">
						<p><!-- wp:paragraph --></p>
<p><strong>Bleiben Sie informiert &#8211; mit unserem Newsletter</strong> 1x im Monat</p>
<p><!-- /wp:paragraph --></p>
<p><!-- wp:list --></p>
<ul class="wp-block-list"><!-- wp:list-item --></p>
<li>Neue Trends aus der Arbeitswelt</li>
<p><!-- /wp:list-item --></p>
<p><!-- wp:list-item --></p>
<li>Aktuelle Urteile verständlich erklärt</li>
<p><!-- /wp:list-item --></p>
<p><!-- wp:list-item --></p>
<li>Tipps zu Recht, Steuern &amp; Finanzen</li>
<p><!-- /wp:list-item --></p>
<p><!-- wp:list-item --></p>
<li>Experten-Interviews, Studien u.v.m</li>
<p><!-- /wp:list-item --></ul>
<p><!-- /wp:list --></p>
					</div>
				
														<a
						href="#gate-a59880de-3d38-4b82-914c-ffa16bab6ae7"
						class="single-cta__button button button--primary"
																	>Newsletter abonnieren</a>
							</div>

					</div>

					<img decoding="async" width="1215" height="810" src="https://www.sage.com/de-de/blog/wp-content/uploads/sites/11/2023/09/GettyImages-1277533180-1215x810.jpg" class="single-cta__image" alt="" loading="lazy" srcset="https://www.sage.com/de-de/blog/wp-content/uploads/sites/11/2023/09/GettyImages-1277533180-1215x810.jpg 1215w" sizes="auto, (min-width: 48em) 33vw, 100vw" />			</div>
</div>

<p>Wer Kinder oder Jugendliche in seinem Unternehmen beschäftigt, der muss sich an die Vorgaben des Jugendarbeitsschutzgesetzes halten. Die Geschichte des Jugendschutzes geht weit zurück. So gab es die ersten Bemühungen in diese Richtung bereits im 19. Jahrhundert. Nachdem die Industrialisierung stetig zunahm, wurde der Bedarf an festen Regeln für die Arbeitszeit von Kindern und Jugendlicher [&hellip;]</p>
