{"id":36,"date":"2017-12-01T10:33:08","date_gmt":"2017-12-01T10:33:08","guid":{"rendered":"https:\/\/www.sage.com\/de-de\/blog\/glossary\/arbeitslosenversicherung\/"},"modified":"2024-04-03T09:49:04","modified_gmt":"2024-04-03T07:49:04","slug":"arbeitslosenversicherung","status":"publish","type":"sage_glossary","link":"https:\/\/www.sage.com\/de-de\/blog\/lexikon\/arbeitslosenversicherung\/","title":{"rendered":"Arbeitslosenversicherung"},"content":{"rendered":"<header class=\"entry-header has-dark-background-color entry-header--has-illustration entry-header--has-illustration--generic\">\n\t<div class=\"container\">\n\t\t<div class=\"entry-header__row row align-center\">\n\t\t\t<div class=\"col col-lg-7 col-xlg-6 entry-header__content\">\n\t\t\t\t\t\t\t<div class=\"component component-single-header\">\n\t\t\t\t\t\t\t\t\t\t<div class=\"entry-header__misc text--subtitle text--uppercase text--small\">\n\t\t\t\t\t\t\t<a href=\"https:\/\/www.sage.com\/de-de\/blog\/lexikon\/\" class=\"entry-header__link\">Beschreibung im Lexikon<\/a>\t\t\t\t\t\t<\/div>\n\t\t\t\t\n\t\t\t\t<div class=\"entry-title-wrapper\">\n\t\t\t\t\t<h1 class=\"entry-title\">\n\t\t\t\t\t\tArbeitslosenversicherung\t\t\t\t\t<\/h1>\n\t\t\t\t<\/div>\n\n\t\t\t\t\n\t\t\t\t\n\t\t\t\t\n\t\t\t<\/div>\n\n\t\t\t\t\t<\/div>\n\t\t\t\t\t<\/div>\n\t<\/div>\n\t<div class=\"single-post-details container\">\n\t\t<div class=\"col\">\n\t\t\t<span class=\"reading-time\"> Minuten zu lesen<\/span>\n\t\t<button\n\t\t\ttype=\"button\"\n\t\t\tclass=\"social-share-button button button--icon button--secondary js-social-share-button\"\n\t\t\tdata-share-title=\"Arbeitslosenversicherung\"\n\t\t\tdata-share-url=\"https:\/\/www.sage.com\/de-de\/blog\/lexikon\/arbeitslosenversicherung\/\"\n\t\t\tdata-share-text=\"Bitte lesen Sie diesen interessanten Artikel\"\n\t\t>\n\t\t\t<span class=\"social-share-button__share-label\">Teilen<\/span>\n\t\t\t<span class=\"social-share-button__copy-label\" hidden>Link kopieren<\/span>\n\t\t\t<span class=\"social-share-button__copy-tooltip\" aria-hidden=\"true\" hidden>Kopiert<\/span>\n\t\t<\/button>\n\n\t\t\t\t<\/div>\n\t<\/div>\n<\/header>\n\n\n\n<p class=\"\">Zu den Sozialversicherungen in Deutschland geh\u00f6rt auch die Arbeitslosenversicherung, die im Sozialgesetzbuch III geregelt ist. Wenn Sozialversicherte ihre Arbeit verlieren, soll die Versicherung den Verlust an Erwerbseinkommen ausgleichen. Daf\u00fcr zahlt jeder Arbeitnehmer seinen monatlichen Beitrag in die Versicherungskasse ein, der jeweils um den Arbeitgeberanteil aufgestockt wird. Diese Beitr\u00e4ge werden durch&nbsp;den Arbeitgeber direkt&nbsp;<a href=\"https:\/\/www.sage.com\/de-de\/blog\/fuer-wen-lohnt-sich-lohn-outsourcing\/\" target=\"_blank\" rel=\"noopener noreferrer\">vom Bruttogehalt abgezogen<\/a>, die Grundlage hierf\u00fcr bildet der g\u00fcltige Beitragssatz. Um die Zeit nach dem Arbeitsverlust bis zur n\u00e4chsten Besch\u00e4ftigung finanziell \u00fcberbr\u00fccken zu k\u00f6nnen, sichert die Arbeitslosenversicherung das Auskommen. Dadurch wird es Bewerbern erm\u00f6glicht, sich ganz auf die Arbeitssuche zu konzentrieren, ohne dabei ihre Existenz unmittelbar zu gef\u00e4hrden. Pflichtversichert ist grunds\u00e4tzlich jede Person, die sich in einem abh\u00e4ngigen Besch\u00e4ftigungsverh\u00e4ltnis befindet, weiterhin Wehrdienstleistende sowie Bezieher verschiedener Entgeltersatzleistungen und weitere Personengruppen. Freiwillig versichern k\u00f6nnen sich hingegen alle selbstst\u00e4ndig t\u00e4tigen Personen und Arbeitnehmer, die au\u00dferhalb der EU besch\u00e4ftigt sind.<\/p>\n\n\n\n<h2 class=\"wp-block-heading\" id=\"h-leistungen-fur-arbeitnehmer-und-arbeitgeber\">Leistungen f\u00fcr Arbeitnehmer und Arbeitgeber<\/h2>\n\n\n\n<p class=\"\">Das Leistungsspektrum der Arbeitslosenversicherung reicht \u00fcber die Zahlung von Arbeitslosengeld hinaus auf weitere Bereiche. Dazu geh\u00f6rt vor allem die Arbeitsf\u00f6rderung, die Menschen in Deutschland bei der Suche nach einem Arbeitsplatz unterst\u00fctzt. Arbeitssuchende k\u00f6nnen sich bei der Wahl ihres Berufs beraten lassen, die Ausbildungsvermittlung in Anspruch nehmen und sich beruflich eingliedern lassen. Gef\u00f6rderte Ma\u00dfnahmen sind unter anderem berufsvorbereitende Kurse, Berufsorientierungsma\u00dfnahmen und Weiterbildungen. Neben diesen Leistungen sind au\u00dferdem die Vorteile der Arbeitslosenversicherung f\u00fcr Arbeitgeber interessant. Diese profitieren von Zusch\u00fcssen bei der Einstellung neuer Mitarbeiter sowie von F\u00f6rdergeldern f\u00fcr behinderte Angestellte und weiteren geldwerten Leistungen.<\/p>\n\n\n\n<figure class=\"wp-block-pullquote\"><blockquote><p><strong>Tipp:<\/strong><br><a href=\"https:\/\/www.sage.com\/de-de\/sage-business-cloud\/lohnabrechnung\/\">Lohnabrechnung<\/a> in wenigen Minuten selbst erledigen<\/p><\/blockquote><\/figure>\n\n\n\n<h2 class=\"wp-block-heading\" id=\"h-arbeitsplatzverlust-arbeitslosenversicherung-greift-ein\">Arbeitsplatzverlust: Arbeitslosenversicherung greift ein<\/h2>\n\n\n\n<p class=\"\">Wer zuvor pflichtversichert war und von seinem Arbeitgeber gek\u00fcndigt wird, kann Arbeitslosengeld beantragen. Diese Entgeltleistungen verfolgen den Zweck, den Lebensunterhalt sicherzustellen, sind allerdings zeitlich begrenzt. Arbeitssuchende m\u00fcssen zudem der Arbeitsvermittlung bereitwillig zur Verf\u00fcgung stehen und angebotene Ma\u00dfnahmen annehmen. Die Dauer des Anspruchs auf Arbeitslosengeld richtet sich nach dem Zeitraum, den der Pflichtversicherte zuvor innerhalb der letzten f\u00fcnf Jahre besch\u00e4ftigt war. Bei einer Besch\u00e4ftigungszeit von 12 Monaten wird das Arbeitslosengeld nur f\u00fcr eine Dauer von sechs Monaten gezahlt. Dieser Zeitraum erh\u00f6ht sich auf maximal 24 Monate, wobei hierf\u00fcr eine Besch\u00e4ftigungszeit von mindestens 48 Monaten erforderlich ist. Besteht kein Anspruch auf Arbeitslosengeld, kann der Arbeitssuchende alternative Leistungen zur Grundsicherung beantragen, wie etwa Arbeitslosengeld II oder Sozialgeld.<\/p>\n\n\n\n<h2 class=\"wp-block-heading\" id=\"h-wie-finanziert-sich-die-sozialversicherung\">Wie finanziert sich die Sozialversicherung?<\/h2>\n\n\n\n<p class=\"\">Die Arbeitslosenversicherung wird in erster Linie aus den Beitr\u00e4gen der Arbeitgeber und <a href=\"https:\/\/www.sage.com\/de-de\/blog\/lexikon\/arbeitnehmer\/\" target=\"_blank\" rel=\"noreferrer noopener\">Arbeitnehmer<\/a> finanziert. In diesem Punkt liegt die Kritik, da es sich bei realistischer Betrachtung nicht um eine Versicherung im eigentlichen Sinne handelt. Weitere Finanzmittel kommen aus Beitr\u00e4gen der freiwilligen Weiterversicherung sowie vom Bund und durch Umlagen. Von der Beitragspflicht befreit sind Beamte, Berufssoldaten, Richter sowie geringf\u00fcgig Besch\u00e4ftigte und Studenten und Sch\u00fcler. Ebenso entf\u00e4llt die Arbeitslosenversicherung f\u00fcr alle Personen, die sich im gesetzlichen Rentenalter befinden oder eine Erwerbsminderungsrente beziehen.<\/p>\n\n\n<div class=\"single-cta\">\n\t<div class=\"single-cta__positioner\">\n\t\t<div class=\"single-cta__wrapper has-dark-background-color\">\n\t\t\t<div class=\"single-cta__content\">\n\t\t\t\t\t\t\t\t<h2 class=\"single-cta__title h3\">2026: Alle neuen Gesetze immer im Blick<\/h2>\n\n\t\t\t\t\t\t\t\t\t<div class=\"single-cta__description\">\n\t\t\t\t\t\t<p><!-- wp:paragraph --><\/p>\n<p><strong>Bleiben Sie informiert &#8211; mit unserem Newsletter<\/strong> 1x im Monat<\/p>\n<p><!-- \/wp:paragraph --><\/p>\n<p><!-- wp:list --><\/p>\n<ul class=\"wp-block-list\"><!-- wp:list-item --><\/p>\n<li>Neue Trends aus der Arbeitswelt<\/li>\n<p><!-- \/wp:list-item --><\/p>\n<p><!-- wp:list-item --><\/p>\n<li>Aktuelle Urteile verst\u00e4ndlich erkl\u00e4rt<\/li>\n<p><!-- \/wp:list-item --><\/p>\n<p><!-- wp:list-item --><\/p>\n<li>Tipps zu Recht, Steuern &amp; Finanzen<\/li>\n<p><!-- \/wp:list-item --><\/p>\n<p><!-- wp:list-item --><\/p>\n<li>Experten-Interviews, Studien u.v.m<\/li>\n<p><!-- \/wp:list-item --><\/ul>\n<p><!-- \/wp:list --><\/p>\n\t\t\t\t\t<\/div>\n\t\t\t\t\n\t\t\t\t\t\t\t\t\t\t\t\t\t\t<a\n\t\t\t\t\t\thref=\"#gate-a59880de-3d38-4b82-914c-ffa16bab6ae7\"\n\t\t\t\t\t\tclass=\"single-cta__button button button--primary\"\n\t\t\t\t\t\t\t\t\t\t\t\t\t\t\t\t\t>Newsletter abonnieren<\/a>\n\t\t\t\t\t\t\t<\/div>\n\n\t\t\t\t\t<\/div>\n\n\t\t\t\t\t<img decoding=\"async\" width=\"1215\" height=\"810\" src=\"https:\/\/www.sage.com\/de-de\/blog\/wp-content\/uploads\/sites\/11\/2023\/09\/GettyImages-1277533180-1215x810.jpg\" class=\"single-cta__image\" alt=\"\" loading=\"lazy\" srcset=\"https:\/\/www.sage.com\/de-de\/blog\/wp-content\/uploads\/sites\/11\/2023\/09\/GettyImages-1277533180-1215x810.jpg 1215w\" sizes=\"auto, (min-width: 48em) 33vw, 100vw\" \/>\t\t\t<\/div>\n<\/div>\n","protected":false},"excerpt":{"rendered":"<p>Zu den Sozialversicherungen in Deutschland geh\u00f6rt auch die Arbeitslosenversicherung, die im Sozialgesetzbuch III geregelt ist. Wenn Sozialversicherte ihre Arbeit verlieren, soll die Versicherung den Verlust an Erwerbseinkommen ausgleichen. Daf\u00fcr zahlt jeder Arbeitnehmer seinen monatlichen Beitrag in die Versicherungskasse ein, der jeweils um den Arbeitgeberanteil aufgestockt wird. Diese Beitr\u00e4ge werden durch&nbsp;den Arbeitgeber direkt&nbsp;vom Bruttogehalt abgezogen, die [&hellip;]<\/p>\n","protected":false},"author":1231,"featured_media":0,"template":"","meta":{"_sage_video":false,"footnotes":""},"tags":[893,115,244],"class_list":["post-36","sage_glossary","type-sage_glossary","status-publish","hentry","tag-lexikon","tag-lohnabrechnung","tag-lohnwegweiser"],"distributor_meta":false,"distributor_terms":false,"distributor_media":false,"distributor_original_site_name":"Sage Advice Deutschland","distributor_original_site_url":"https:\/\/www.sage.com\/de-de\/blog","push-errors":false,"_links":{"self":[{"href":"https:\/\/www.sage.com\/de-de\/blog\/api\/wp\/v2\/sage_glossary\/36","targetHints":{"allow":["GET"]}}],"collection":[{"href":"https:\/\/www.sage.com\/de-de\/blog\/api\/wp\/v2\/sage_glossary"}],"about":[{"href":"https:\/\/www.sage.com\/de-de\/blog\/api\/wp\/v2\/types\/sage_glossary"}],"author":[{"embeddable":true,"href":"https:\/\/www.sage.com\/de-de\/blog\/api\/wp\/v2\/users\/1231"}],"version-history":[{"count":0,"href":"https:\/\/www.sage.com\/de-de\/blog\/api\/wp\/v2\/sage_glossary\/36\/revisions"}],"wp:attachment":[{"href":"https:\/\/www.sage.com\/de-de\/blog\/api\/wp\/v2\/media?parent=36"}],"wp:term":[{"taxonomy":"post_tag","embeddable":true,"href":"https:\/\/www.sage.com\/de-de\/blog\/api\/wp\/v2\/tags?post=36"}],"curies":[{"name":"wp","href":"https:\/\/api.w.org\/{rel}","templated":true}]}}

<header class="entry-header has-dark-background-color entry-header--has-illustration entry-header--has-illustration--generic">
	<div class="container">
		<div class="entry-header__row row align-center">
			<div class="col col-lg-7 col-xlg-6 entry-header__content">
							<div class="component component-single-header">
										<div class="entry-header__misc text--subtitle text--uppercase text--small">
							<a href="https://www.sage.com/de-de/blog/lexikon/" class="entry-header__link">Beschreibung im Lexikon</a>						</div>
				
				<div class="entry-title-wrapper">
					<h1 class="entry-title">
						Arbeitslosenversicherung					</h1>
				</div>

				
				
				
			</div>

					</div>
					</div>
	</div>
	<div class="single-post-details container">
		<div class="col">
			<span class="reading-time"> Minuten zu lesen</span>
		<button
			type="button"
			class="social-share-button button button--icon button--secondary js-social-share-button"
			data-share-title="Arbeitslosenversicherung"
			data-share-url="https://www.sage.com/de-de/blog/lexikon/arbeitslosenversicherung/"
			data-share-text="Bitte lesen Sie diesen interessanten Artikel"
		>
			<span class="social-share-button__share-label">Teilen</span>
			<span class="social-share-button__copy-label" hidden>Link kopieren</span>
			<span class="social-share-button__copy-tooltip" aria-hidden="true" hidden>Kopiert</span>
		</button>

				</div>
	</div>
</header>



<p class="">Zu den Sozialversicherungen in Deutschland gehört auch die Arbeitslosenversicherung, die im Sozialgesetzbuch III geregelt ist. Wenn Sozialversicherte ihre Arbeit verlieren, soll die Versicherung den Verlust an Erwerbseinkommen ausgleichen. Dafür zahlt jeder Arbeitnehmer seinen monatlichen Beitrag in die Versicherungskasse ein, der jeweils um den Arbeitgeberanteil aufgestockt wird. Diese Beiträge werden durch&nbsp;den Arbeitgeber direkt&nbsp;<a href="https://www.sage.com/de-de/blog/fuer-wen-lohnt-sich-lohn-outsourcing/" target="_blank" rel="noopener noreferrer">vom Bruttogehalt abgezogen</a>, die Grundlage hierfür bildet der gültige Beitragssatz. Um die Zeit nach dem Arbeitsverlust bis zur nächsten Beschäftigung finanziell überbrücken zu können, sichert die Arbeitslosenversicherung das Auskommen. Dadurch wird es Bewerbern ermöglicht, sich ganz auf die Arbeitssuche zu konzentrieren, ohne dabei ihre Existenz unmittelbar zu gefährden. Pflichtversichert ist grundsätzlich jede Person, die sich in einem abhängigen Beschäftigungsverhältnis befindet, weiterhin Wehrdienstleistende sowie Bezieher verschiedener Entgeltersatzleistungen und weitere Personengruppen. Freiwillig versichern können sich hingegen alle selbstständig tätigen Personen und Arbeitnehmer, die außerhalb der EU beschäftigt sind.</p>



<h2 class="wp-block-heading" id="h-leistungen-fur-arbeitnehmer-und-arbeitgeber">Leistungen für Arbeitnehmer und Arbeitgeber</h2>



<p class="">Das Leistungsspektrum der Arbeitslosenversicherung reicht über die Zahlung von Arbeitslosengeld hinaus auf weitere Bereiche. Dazu gehört vor allem die Arbeitsförderung, die Menschen in Deutschland bei der Suche nach einem Arbeitsplatz unterstützt. Arbeitssuchende können sich bei der Wahl ihres Berufs beraten lassen, die Ausbildungsvermittlung in Anspruch nehmen und sich beruflich eingliedern lassen. Geförderte Maßnahmen sind unter anderem berufsvorbereitende Kurse, Berufsorientierungsmaßnahmen und Weiterbildungen. Neben diesen Leistungen sind außerdem die Vorteile der Arbeitslosenversicherung für Arbeitgeber interessant. Diese profitieren von Zuschüssen bei der Einstellung neuer Mitarbeiter sowie von Fördergeldern für behinderte Angestellte und weiteren geldwerten Leistungen.</p>



<figure class="wp-block-pullquote"><blockquote><p><strong>Tipp:</strong><br><a href="https://www.sage.com/de-de/sage-business-cloud/lohnabrechnung/">Lohnabrechnung</a> in wenigen Minuten selbst erledigen</p></blockquote></figure>



<h2 class="wp-block-heading" id="h-arbeitsplatzverlust-arbeitslosenversicherung-greift-ein">Arbeitsplatzverlust: Arbeitslosenversicherung greift ein</h2>



<p class="">Wer zuvor pflichtversichert war und von seinem Arbeitgeber gekündigt wird, kann Arbeitslosengeld beantragen. Diese Entgeltleistungen verfolgen den Zweck, den Lebensunterhalt sicherzustellen, sind allerdings zeitlich begrenzt. Arbeitssuchende müssen zudem der Arbeitsvermittlung bereitwillig zur Verfügung stehen und angebotene Maßnahmen annehmen. Die Dauer des Anspruchs auf Arbeitslosengeld richtet sich nach dem Zeitraum, den der Pflichtversicherte zuvor innerhalb der letzten fünf Jahre beschäftigt war. Bei einer Beschäftigungszeit von 12 Monaten wird das Arbeitslosengeld nur für eine Dauer von sechs Monaten gezahlt. Dieser Zeitraum erhöht sich auf maximal 24 Monate, wobei hierfür eine Beschäftigungszeit von mindestens 48 Monaten erforderlich ist. Besteht kein Anspruch auf Arbeitslosengeld, kann der Arbeitssuchende alternative Leistungen zur Grundsicherung beantragen, wie etwa Arbeitslosengeld II oder Sozialgeld.</p>



<h2 class="wp-block-heading" id="h-wie-finanziert-sich-die-sozialversicherung">Wie finanziert sich die Sozialversicherung?</h2>



<p class="">Die Arbeitslosenversicherung wird in erster Linie aus den Beiträgen der Arbeitgeber und <a href="https://www.sage.com/de-de/blog/lexikon/arbeitnehmer/" target="_blank" rel="noreferrer noopener">Arbeitnehmer</a> finanziert. In diesem Punkt liegt die Kritik, da es sich bei realistischer Betrachtung nicht um eine Versicherung im eigentlichen Sinne handelt. Weitere Finanzmittel kommen aus Beiträgen der freiwilligen Weiterversicherung sowie vom Bund und durch Umlagen. Von der Beitragspflicht befreit sind Beamte, Berufssoldaten, Richter sowie geringfügig Beschäftigte und Studenten und Schüler. Ebenso entfällt die Arbeitslosenversicherung für alle Personen, die sich im gesetzlichen Rentenalter befinden oder eine Erwerbsminderungsrente beziehen.</p>


<div class="single-cta">
	<div class="single-cta__positioner">
		<div class="single-cta__wrapper has-dark-background-color">
			<div class="single-cta__content">
								<h2 class="single-cta__title h3">2026: Alle neuen Gesetze immer im Blick</h2>

									<div class="single-cta__description">
						<p><!-- wp:paragraph --></p>
<p><strong>Bleiben Sie informiert &#8211; mit unserem Newsletter</strong> 1x im Monat</p>
<p><!-- /wp:paragraph --></p>
<p><!-- wp:list --></p>
<ul class="wp-block-list"><!-- wp:list-item --></p>
<li>Neue Trends aus der Arbeitswelt</li>
<p><!-- /wp:list-item --></p>
<p><!-- wp:list-item --></p>
<li>Aktuelle Urteile verständlich erklärt</li>
<p><!-- /wp:list-item --></p>
<p><!-- wp:list-item --></p>
<li>Tipps zu Recht, Steuern &amp; Finanzen</li>
<p><!-- /wp:list-item --></p>
<p><!-- wp:list-item --></p>
<li>Experten-Interviews, Studien u.v.m</li>
<p><!-- /wp:list-item --></ul>
<p><!-- /wp:list --></p>
					</div>
				
														<a
						href="#gate-a59880de-3d38-4b82-914c-ffa16bab6ae7"
						class="single-cta__button button button--primary"
																	>Newsletter abonnieren</a>
							</div>

					</div>

					<img decoding="async" width="1215" height="810" src="https://www.sage.com/de-de/blog/wp-content/uploads/sites/11/2023/09/GettyImages-1277533180-1215x810.jpg" class="single-cta__image" alt="" loading="lazy" srcset="https://www.sage.com/de-de/blog/wp-content/uploads/sites/11/2023/09/GettyImages-1277533180-1215x810.jpg 1215w" sizes="auto, (min-width: 48em) 33vw, 100vw" />			</div>
</div>

<p>Zu den Sozialversicherungen in Deutschland gehört auch die Arbeitslosenversicherung, die im Sozialgesetzbuch III geregelt ist. Wenn Sozialversicherte ihre Arbeit verlieren, soll die Versicherung den Verlust an Erwerbseinkommen ausgleichen. Dafür zahlt jeder Arbeitnehmer seinen monatlichen Beitrag in die Versicherungskasse ein, der jeweils um den Arbeitgeberanteil aufgestockt wird. Diese Beiträge werden durch&nbsp;den Arbeitgeber direkt&nbsp;vom Bruttogehalt abgezogen, die [&hellip;]</p>
