{"id":506,"date":"2017-12-01T10:54:41","date_gmt":"2017-12-01T10:54:41","guid":{"rendered":"https:\/\/www.sage.com\/de-de\/blog\/glossary\/urlaubsabgeltung\/"},"modified":"2024-07-16T16:54:03","modified_gmt":"2024-07-16T14:54:03","slug":"urlaubsabgeltung","status":"publish","type":"sage_glossary","link":"https:\/\/www.sage.com\/de-de\/blog\/lexikon\/urlaubsabgeltung\/","title":{"rendered":"Urlaubsabgeltung"},"content":{"rendered":"<header class=\"entry-header has-dark-background-color entry-header--has-illustration entry-header--has-illustration--generic\">\n\t<div class=\"container\">\n\t\t<div class=\"entry-header__row row align-center\">\n\t\t\t<div class=\"col col-lg-7 col-xlg-6 entry-header__content\">\n\t\t\t\t\t\t\t<div class=\"component component-single-header\">\n\t\t\t\t\t\t\t\t\t\t<div class=\"entry-header__misc text--subtitle text--uppercase text--small\">\n\t\t\t\t\t\t\t<a href=\"https:\/\/www.sage.com\/de-de\/blog\/lexikon\/\" class=\"entry-header__link\">Beschreibung im Lexikon<\/a>\t\t\t\t\t\t<\/div>\n\t\t\t\t\n\t\t\t\t<div class=\"entry-title-wrapper\">\n\t\t\t\t\t<h1 class=\"entry-title\">\n\t\t\t\t\t\tUrlaubsabgeltung\t\t\t\t\t<\/h1>\n\t\t\t\t<\/div>\n\n\t\t\t\t\n\t\t\t\t\n\t\t\t\t\n\t\t\t<\/div>\n\n\t\t\t\t\t<\/div>\n\t\t\t\t\t<\/div>\n\t<\/div>\n\t<div class=\"single-post-details container\">\n\t\t<div class=\"col\">\n\t\t\t<span class=\"reading-time\"> Minuten zu lesen<\/span>\n\t\t<button\n\t\t\ttype=\"button\"\n\t\t\tclass=\"social-share-button button button--icon button--secondary js-social-share-button\"\n\t\t\tdata-share-title=\"Urlaubsabgeltung\"\n\t\t\tdata-share-url=\"https:\/\/www.sage.com\/de-de\/blog\/lexikon\/urlaubsabgeltung\/\"\n\t\t\tdata-share-text=\"Bitte lesen Sie diesen interessanten Artikel\"\n\t\t>\n\t\t\t<span class=\"social-share-button__share-label\">Teilen<\/span>\n\t\t\t<span class=\"social-share-button__copy-label\" hidden>Link kopieren<\/span>\n\t\t\t<span class=\"social-share-button__copy-tooltip\" aria-hidden=\"true\" hidden>Kopiert<\/span>\n\t\t<\/button>\n\n\t\t\t\t<\/div>\n\t<\/div>\n<\/header>\n\n\n\n<p>Verl\u00e4sst ein Mitarbeiter nach seiner K\u00fcndigung das Unternehmen und hat noch einige Tage auf seinem Urlaubskonto, sind diese abzugelten. Durch die Urlaubsabgeltung soll sichergestellt werden, dass jeder Arbeitnehmer seinen vollen Urlaubsanspruch erh\u00e4lt, ob als tats\u00e4chlich genommenen Urlaubstag oder ausgezahlt. Der Anspruch auf diese Abgeltung von Urlaubstagen findet sich im Bundesurlaubsgesetz (BUrlG). Offene Urlaubstage sollten allerdings nur im Ausnahmefall ausgezahlt werden, wenn der aus seinem Beruf ausscheidende Mitarbeiter seinen Resturlaub nicht mehr nehmen kann. Hat ein Angestellter beispielsweise noch 15 Urlaubstage offen und sieht der Aufhebungsvertrag vor, dass er das Unternehmen schon nach zwei Wochen verl\u00e4sst, ist diese Voraussetzung gegeben. Der Mitarbeiter w\u00e4re in diesem Fall nicht in der Lage, seinen Urlaub vor Beendigung des Angestelltenverh\u00e4ltnisses zu nehmen. Ein weiterer Grund kann vorliegen, wenn der Mitarbeiter aufgrund betrieblicher Interessen gebraucht wird oder f\u00fcr die Einarbeitung seines Nachfolgers anwesend sein muss.<\/p>\n\n\n\n<p>Die bezahlte Freistellung von der Arbeit ist der Abgeltung jedoch stets vorzuziehen, und der&nbsp;<a href=\"https:\/\/www.sage.com\/de-de\/blog\/lexikon\/arbeitgeber\/\" target=\"_blank\" rel=\"noreferrer noopener\">Arbeitgeber<\/a>&nbsp;sollte seinem Angestellten diesen Anspruch nach M\u00f6glichkeit einr\u00e4umen. Gleicherma\u00dfen kann sich das Unternehmen dazu entscheiden, den Mitarbeiter vor Ablauf seiner K\u00fcndigungsfrist freizustellen. Mit dieser Freistellungszeit ist der Urlaubsanspruch abgegolten. Diese Regelung l\u00e4sst sich indes nur umsetzen, wenn die Interessen des Arbeitnehmers gewahrt werden. Ist die Freistellungszeit deutlich l\u00e4nger als der Resturlaub, so l\u00e4sst sich davon ausgehen, dass der Angestellte seine <a href=\"https:\/\/www.sage.com\/de-de\/blog\/blogparade-im-urlaub-schalte-ich-das-handy-aus\/\" target=\"_blank\" rel=\"noopener\">Urlaubstage nutzen kann<\/a>.<\/p>\n\n\n\n<div class=\"single-cta\">\n\t<div class=\"single-cta__positioner\">\n\t\t<div class=\"single-cta__wrapper has-dark-background-color\">\n\t\t\t<div class=\"single-cta__content\">\n\t\t\t\t\t\t\t\t<h2 class=\"single-cta__title h3\">Behalten Sie Ihre Mitarbeiter im Blick <\/h2>\n\n\t\t\t\t\t\t\t\t\t<div class=\"single-cta__description\">\n\t\t\t\t\t\t<p>Bescheinigungen, gesetzliche Neuregelungen verst\u00e4ndlich erkl\u00e4rt, Trends im Personal- und Zeitmanagement: Unsere HR-Management &amp; Payroll Themenauswahl inkl. kostenfreien Whitepapern und Checklisten auf Sage Advice<\/p>\n\t\t\t\t\t<\/div>\n\t\t\t\t\n\t\t\t\t\t\t\t\t\t\t\t\t\t\t<a\n\t\t\t\t\t\thref=\"https:\/\/www.sage.com\/de-de\/blog\/kategorie\/hr-management-payroll\/\"\n\t\t\t\t\t\tclass=\"single-cta__button button button--primary\"\n\t\t\t\t\t\t\t\t\t\t\t\t\tid=\"cta-id-4128\"\n\t\t\t\t\t\t\t\t\t\t\t\t\t\t\t\t\t\t\tdata-button-location=\"cta_box\"\n\t\t\t\t\t\t\t\t\t\t\t>Beitr\u00e4ge ansehen<\/a>\n\t\t\t\t\t\t\t<\/div>\n\n\t\t\t\t\t<\/div>\n\n\t\t\t\t\t<img decoding=\"async\" width=\"1024\" height=\"531\" src=\"https:\/\/www.sage.com\/de-de\/blog\/wp-content\/uploads\/sites\/11\/2018\/01\/start-1-1024x531.jpg\" class=\"single-cta__image\" alt=\"Kollegen im Gespr\u00e4ch\" loading=\"lazy\" srcset=\"https:\/\/www.sage.com\/de-de\/blog\/wp-content\/uploads\/sites\/11\/2018\/01\/start-1-1024x531.jpg 1024w\" sizes=\"auto, (min-width: 48em) 33vw, 100vw\" \/>\t\t\t<\/div>\n<\/div>\n\n\n\n\n<h2 class=\"wp-block-heading\" id=\"h-wie-wird-die-finanzielle-abgeltung-berechnet\">Wie wird die finanzielle Abgeltung berechnet?<\/h2>\n\n\n\n<p>Haben sich Arbeitnehmer und Angestellter auf die Urlaubsabgeltung geeignet, wird der Resturlaub in Geld umgerechnet. Dazu wird der Wert eines Arbeitstages zugrunde gelegt, den der Mitarbeiter andernfalls als normalen Lohn erhalten h\u00e4tte. Bei der Berechnung wird davon ausgegangen, dass jedes Kalenderquartal insgesamt 13 Wochen hat. Entsprechend wird zun\u00e4chst das Gehalt f\u00fcr dieses Quartal berechnet und anschlie\u00dfend durch 13 Wochen geteilt. Ein Beispiel f\u00fcr einen Monatslohn von 4.000 Euro brutto im Monat:<\/p>\n\n\n\n<p>4.000 Euro x 3 = 12.000 Euro pro Quartal<br>12.000 Euro : 13 = 923,08 Euro pro Woche<\/p>\n\n\n\n<p>Bei einer normalen <a href=\"https:\/\/www.sage.com\/de-de\/blog\/lexikon\/arbeitszeit\/\" target=\"_blank\" rel=\"noreferrer noopener\">Arbeitszeit<\/a> von 5 Wochentagen entspricht der Wert eines Urlaubstages demnach:<br>923,08 Euro : 5 = 184,62 Euro<\/p>\n\n\n\n<figure class=\"wp-block-pullquote\"><blockquote><p><strong>Tipp:<\/strong><br>Urlaubsabgeltung in Lohnabrechnung integrieren \u2013 mit unserer <a href=\"https:\/\/www.sage.com\/de-de\/lohnabrechnung-software\/\" target=\"_blank\" rel=\"noreferrer noopener\">Lohnabrechnung Software<\/a> geht das ganz einfach!<\/p><\/blockquote><\/figure>\n\n\n\n<p>Erh\u00e4lt der Mitarbeiter neben seinem Gehalt noch weitere Verg\u00fctungen, wie etwa einen j\u00e4hrlichen Bonus oder Provisionen, sind diese in der Berechnung zu ber\u00fccksichtigen. H\u00e4tte der Arbeitnehmer normal Urlaub genommen, w\u00fcrden ihm diese Zahlungen schlie\u00dflich auch zustehen. Nach einer fristlosen K\u00fcndigung gilt die Urlaubsabgeltung ebenso wie bei einer ordentlichen K\u00fcndigung oder einem Aufhebungsvertrag. Das Fehlverhalten, das der fristlosen K\u00fcndigung voranging, hat keinen Einfluss auf den Urlaubsanspruch. Weitere Anspr\u00fcche k\u00f6nnen sich ergeben, wenn ein Arbeitnehmer w\u00e4hrend der K\u00fcndigungsfrist seinen Urlaub nimmt und in dieser Zeit erkrankt. Krankheitstage lassen sich nicht auf den Urlaubsanspruch anrechnen, und demzufolge sind diese Tage als nicht genommener Urlaub zu bewerten und m\u00fcssen abgegolten werden.<\/p>\n\n\n\n<h2 class=\"wp-block-heading\" id=\"h-interessante-artikel-zum-weiterlesen\">Interessante Artikel zum Weiterlesen<\/h2>\n\n\n\n<ul class=\"wp-block-list\">\n<li><a href=\"https:\/\/www.sage.com\/de-de\/blog\/neue-regelung-zur-verjahrung-und-dem-verfall-von-urlaubsanspruch-fy23\/\" target=\"_blank\" rel=\"noreferrer noopener\">Neue Regelung in 2022 zur Ver\u00adj\u00e4hrung und dem Verfall von Urlaubsanspruch<\/a><\/li>\n\n\n\n<li><a href=\"https:\/\/www.sage.com\/de-de\/blog\/unbegrenzter-urlaub-fluch-oder-segen-fur-hr-und-mitarbeiter-fy23\/\" target=\"_blank\" rel=\"noreferrer noopener\">Unbegrenzter Urlaub \u2013 Fluch oder Segen f\u00fcr HR?<\/a><\/li>\n<\/ul>\n\n\n<div class=\"single-cta\">\n\t<div class=\"single-cta__positioner\">\n\t\t<div class=\"single-cta__wrapper has-dark-background-color\">\n\t\t\t<div class=\"single-cta__content\">\n\t\t\t\t\t\t\t\t<h2 class=\"single-cta__title h3\">2026: Alle neuen Gesetze immer im Blick<\/h2>\n\n\t\t\t\t\t\t\t\t\t<div class=\"single-cta__description\">\n\t\t\t\t\t\t<p><!-- wp:paragraph --><\/p>\n<p><strong>Bleiben Sie informiert &#8211; mit unserem Newsletter<\/strong> 1x im Monat<\/p>\n<p><!-- \/wp:paragraph --><\/p>\n<p><!-- wp:list --><\/p>\n<ul class=\"wp-block-list\"><!-- wp:list-item --><\/p>\n<li>Neue Trends aus der Arbeitswelt<\/li>\n<p><!-- \/wp:list-item --><\/p>\n<p><!-- wp:list-item --><\/p>\n<li>Aktuelle Urteile verst\u00e4ndlich erkl\u00e4rt<\/li>\n<p><!-- \/wp:list-item --><\/p>\n<p><!-- wp:list-item --><\/p>\n<li>Tipps zu Recht, Steuern &amp; Finanzen<\/li>\n<p><!-- \/wp:list-item --><\/p>\n<p><!-- wp:list-item --><\/p>\n<li>Experten-Interviews, Studien u.v.m<\/li>\n<p><!-- \/wp:list-item --><\/ul>\n<p><!-- \/wp:list --><\/p>\n\t\t\t\t\t<\/div>\n\t\t\t\t\n\t\t\t\t\t\t\t\t\t\t\t\t\t\t<a\n\t\t\t\t\t\thref=\"#gate-a59880de-3d38-4b82-914c-ffa16bab6ae7\"\n\t\t\t\t\t\tclass=\"single-cta__button button button--primary\"\n\t\t\t\t\t\t\t\t\t\t\t\t\t\t\t\t\t>Newsletter abonnieren<\/a>\n\t\t\t\t\t\t\t<\/div>\n\n\t\t\t\t\t<\/div>\n\n\t\t\t\t\t<img decoding=\"async\" width=\"1215\" height=\"810\" src=\"https:\/\/www.sage.com\/de-de\/blog\/wp-content\/uploads\/sites\/11\/2023\/09\/GettyImages-1277533180-1215x810.jpg\" class=\"single-cta__image\" alt=\"\" loading=\"lazy\" srcset=\"https:\/\/www.sage.com\/de-de\/blog\/wp-content\/uploads\/sites\/11\/2023\/09\/GettyImages-1277533180-1215x810.jpg 1215w\" sizes=\"auto, (min-width: 48em) 33vw, 100vw\" \/>\t\t\t<\/div>\n<\/div>\n","protected":false},"excerpt":{"rendered":"<p>Verl\u00e4sst ein Mitarbeiter nach seiner K\u00fcndigung das Unternehmen und hat noch einige Tage auf seinem Urlaubskonto, sind diese abzugelten. Durch die Urlaubsabgeltung soll sichergestellt werden, dass jeder Arbeitnehmer seinen vollen Urlaubsanspruch erh\u00e4lt, ob als tats\u00e4chlich genommenen Urlaubstag oder ausgezahlt. Der Anspruch auf diese Abgeltung von Urlaubstagen findet sich im Bundesurlaubsgesetz (BUrlG). Offene Urlaubstage sollten allerdings [&hellip;]<\/p>\n","protected":false},"author":1231,"featured_media":0,"template":"","meta":{"_sage_video":false,"footnotes":""},"tags":[],"class_list":["post-506","sage_glossary","type-sage_glossary","status-publish","hentry"],"distributor_meta":false,"distributor_terms":false,"distributor_media":false,"distributor_original_site_name":"Sage Advice Deutschland","distributor_original_site_url":"https:\/\/www.sage.com\/de-de\/blog","push-errors":false,"_links":{"self":[{"href":"https:\/\/www.sage.com\/de-de\/blog\/api\/wp\/v2\/sage_glossary\/506","targetHints":{"allow":["GET"]}}],"collection":[{"href":"https:\/\/www.sage.com\/de-de\/blog\/api\/wp\/v2\/sage_glossary"}],"about":[{"href":"https:\/\/www.sage.com\/de-de\/blog\/api\/wp\/v2\/types\/sage_glossary"}],"author":[{"embeddable":true,"href":"https:\/\/www.sage.com\/de-de\/blog\/api\/wp\/v2\/users\/1231"}],"version-history":[{"count":0,"href":"https:\/\/www.sage.com\/de-de\/blog\/api\/wp\/v2\/sage_glossary\/506\/revisions"}],"wp:attachment":[{"href":"https:\/\/www.sage.com\/de-de\/blog\/api\/wp\/v2\/media?parent=506"}],"wp:term":[{"taxonomy":"post_tag","embeddable":true,"href":"https:\/\/www.sage.com\/de-de\/blog\/api\/wp\/v2\/tags?post=506"}],"curies":[{"name":"wp","href":"https:\/\/api.w.org\/{rel}","templated":true}]}}

<header class="entry-header has-dark-background-color entry-header--has-illustration entry-header--has-illustration--generic">
	<div class="container">
		<div class="entry-header__row row align-center">
			<div class="col col-lg-7 col-xlg-6 entry-header__content">
							<div class="component component-single-header">
										<div class="entry-header__misc text--subtitle text--uppercase text--small">
							<a href="https://www.sage.com/de-de/blog/lexikon/" class="entry-header__link">Beschreibung im Lexikon</a>						</div>
				
				<div class="entry-title-wrapper">
					<h1 class="entry-title">
						Urlaubsabgeltung					</h1>
				</div>

				
				
				
			</div>

					</div>
					</div>
	</div>
	<div class="single-post-details container">
		<div class="col">
			<span class="reading-time"> Minuten zu lesen</span>
		<button
			type="button"
			class="social-share-button button button--icon button--secondary js-social-share-button"
			data-share-title="Urlaubsabgeltung"
			data-share-url="https://www.sage.com/de-de/blog/lexikon/urlaubsabgeltung/"
			data-share-text="Bitte lesen Sie diesen interessanten Artikel"
		>
			<span class="social-share-button__share-label">Teilen</span>
			<span class="social-share-button__copy-label" hidden>Link kopieren</span>
			<span class="social-share-button__copy-tooltip" aria-hidden="true" hidden>Kopiert</span>
		</button>

				</div>
	</div>
</header>



<p>Verlässt ein Mitarbeiter nach seiner Kündigung das Unternehmen und hat noch einige Tage auf seinem Urlaubskonto, sind diese abzugelten. Durch die Urlaubsabgeltung soll sichergestellt werden, dass jeder Arbeitnehmer seinen vollen Urlaubsanspruch erhält, ob als tatsächlich genommenen Urlaubstag oder ausgezahlt. Der Anspruch auf diese Abgeltung von Urlaubstagen findet sich im Bundesurlaubsgesetz (BUrlG). Offene Urlaubstage sollten allerdings nur im Ausnahmefall ausgezahlt werden, wenn der aus seinem Beruf ausscheidende Mitarbeiter seinen Resturlaub nicht mehr nehmen kann. Hat ein Angestellter beispielsweise noch 15 Urlaubstage offen und sieht der Aufhebungsvertrag vor, dass er das Unternehmen schon nach zwei Wochen verlässt, ist diese Voraussetzung gegeben. Der Mitarbeiter wäre in diesem Fall nicht in der Lage, seinen Urlaub vor Beendigung des Angestelltenverhältnisses zu nehmen. Ein weiterer Grund kann vorliegen, wenn der Mitarbeiter aufgrund betrieblicher Interessen gebraucht wird oder für die Einarbeitung seines Nachfolgers anwesend sein muss.</p>



<p>Die bezahlte Freistellung von der Arbeit ist der Abgeltung jedoch stets vorzuziehen, und der&nbsp;<a href="https://www.sage.com/de-de/blog/lexikon/arbeitgeber/" target="_blank" rel="noreferrer noopener">Arbeitgeber</a>&nbsp;sollte seinem Angestellten diesen Anspruch nach Möglichkeit einräumen. Gleichermaßen kann sich das Unternehmen dazu entscheiden, den Mitarbeiter vor Ablauf seiner Kündigungsfrist freizustellen. Mit dieser Freistellungszeit ist der Urlaubsanspruch abgegolten. Diese Regelung lässt sich indes nur umsetzen, wenn die Interessen des Arbeitnehmers gewahrt werden. Ist die Freistellungszeit deutlich länger als der Resturlaub, so lässt sich davon ausgehen, dass der Angestellte seine <a href="https://www.sage.com/de-de/blog/blogparade-im-urlaub-schalte-ich-das-handy-aus/" target="_blank" rel="noopener">Urlaubstage nutzen kann</a>.</p>



<div class="single-cta">
	<div class="single-cta__positioner">
		<div class="single-cta__wrapper has-dark-background-color">
			<div class="single-cta__content">
								<h2 class="single-cta__title h3">Behalten Sie Ihre Mitarbeiter im Blick </h2>

									<div class="single-cta__description">
						<p>Bescheinigungen, gesetzliche Neuregelungen verständlich erklärt, Trends im Personal- und Zeitmanagement: Unsere HR-Management &amp; Payroll Themenauswahl inkl. kostenfreien Whitepapern und Checklisten auf Sage Advice</p>
					</div>
				
														<a
						href="https://www.sage.com/de-de/blog/kategorie/hr-management-payroll/"
						class="single-cta__button button button--primary"
													id="cta-id-4128"
																			data-button-location="cta_box"
											>Beiträge ansehen</a>
							</div>

					</div>

					<img decoding="async" width="1024" height="531" src="https://www.sage.com/de-de/blog/wp-content/uploads/sites/11/2018/01/start-1-1024x531.jpg" class="single-cta__image" alt="Kollegen im Gespräch" loading="lazy" srcset="https://www.sage.com/de-de/blog/wp-content/uploads/sites/11/2018/01/start-1-1024x531.jpg 1024w" sizes="auto, (min-width: 48em) 33vw, 100vw" />			</div>
</div>




<h2 class="wp-block-heading" id="h-wie-wird-die-finanzielle-abgeltung-berechnet">Wie wird die finanzielle Abgeltung berechnet?</h2>



<p>Haben sich Arbeitnehmer und Angestellter auf die Urlaubsabgeltung geeignet, wird der Resturlaub in Geld umgerechnet. Dazu wird der Wert eines Arbeitstages zugrunde gelegt, den der Mitarbeiter andernfalls als normalen Lohn erhalten hätte. Bei der Berechnung wird davon ausgegangen, dass jedes Kalenderquartal insgesamt 13 Wochen hat. Entsprechend wird zunächst das Gehalt für dieses Quartal berechnet und anschließend durch 13 Wochen geteilt. Ein Beispiel für einen Monatslohn von 4.000 Euro brutto im Monat:</p>



<p>4.000 Euro x 3 = 12.000 Euro pro Quartal<br>12.000 Euro : 13 = 923,08 Euro pro Woche</p>



<p>Bei einer normalen <a href="https://www.sage.com/de-de/blog/lexikon/arbeitszeit/" target="_blank" rel="noreferrer noopener">Arbeitszeit</a> von 5 Wochentagen entspricht der Wert eines Urlaubstages demnach:<br>923,08 Euro : 5 = 184,62 Euro</p>



<figure class="wp-block-pullquote"><blockquote><p><strong>Tipp:</strong><br>Urlaubsabgeltung in Lohnabrechnung integrieren – mit unserer <a href="https://www.sage.com/de-de/lohnabrechnung-software/" target="_blank" rel="noreferrer noopener">Lohnabrechnung Software</a> geht das ganz einfach!</p></blockquote></figure>



<p>Erhält der Mitarbeiter neben seinem Gehalt noch weitere Vergütungen, wie etwa einen jährlichen Bonus oder Provisionen, sind diese in der Berechnung zu berücksichtigen. Hätte der Arbeitnehmer normal Urlaub genommen, würden ihm diese Zahlungen schließlich auch zustehen. Nach einer fristlosen Kündigung gilt die Urlaubsabgeltung ebenso wie bei einer ordentlichen Kündigung oder einem Aufhebungsvertrag. Das Fehlverhalten, das der fristlosen Kündigung voranging, hat keinen Einfluss auf den Urlaubsanspruch. Weitere Ansprüche können sich ergeben, wenn ein Arbeitnehmer während der Kündigungsfrist seinen Urlaub nimmt und in dieser Zeit erkrankt. Krankheitstage lassen sich nicht auf den Urlaubsanspruch anrechnen, und demzufolge sind diese Tage als nicht genommener Urlaub zu bewerten und müssen abgegolten werden.</p>



<h2 class="wp-block-heading" id="h-interessante-artikel-zum-weiterlesen">Interessante Artikel zum Weiterlesen</h2>



<ul class="wp-block-list">
<li><a href="https://www.sage.com/de-de/blog/neue-regelung-zur-verjahrung-und-dem-verfall-von-urlaubsanspruch-fy23/" target="_blank" rel="noreferrer noopener">Neue Regelung in 2022 zur Ver­jährung und dem Verfall von Urlaubsanspruch</a></li>



<li><a href="https://www.sage.com/de-de/blog/unbegrenzter-urlaub-fluch-oder-segen-fur-hr-und-mitarbeiter-fy23/" target="_blank" rel="noreferrer noopener">Unbegrenzter Urlaub – Fluch oder Segen für HR?</a></li>
</ul>


<div class="single-cta">
	<div class="single-cta__positioner">
		<div class="single-cta__wrapper has-dark-background-color">
			<div class="single-cta__content">
								<h2 class="single-cta__title h3">2026: Alle neuen Gesetze immer im Blick</h2>

									<div class="single-cta__description">
						<p><!-- wp:paragraph --></p>
<p><strong>Bleiben Sie informiert &#8211; mit unserem Newsletter</strong> 1x im Monat</p>
<p><!-- /wp:paragraph --></p>
<p><!-- wp:list --></p>
<ul class="wp-block-list"><!-- wp:list-item --></p>
<li>Neue Trends aus der Arbeitswelt</li>
<p><!-- /wp:list-item --></p>
<p><!-- wp:list-item --></p>
<li>Aktuelle Urteile verständlich erklärt</li>
<p><!-- /wp:list-item --></p>
<p><!-- wp:list-item --></p>
<li>Tipps zu Recht, Steuern &amp; Finanzen</li>
<p><!-- /wp:list-item --></p>
<p><!-- wp:list-item --></p>
<li>Experten-Interviews, Studien u.v.m</li>
<p><!-- /wp:list-item --></ul>
<p><!-- /wp:list --></p>
					</div>
				
														<a
						href="#gate-a59880de-3d38-4b82-914c-ffa16bab6ae7"
						class="single-cta__button button button--primary"
																	>Newsletter abonnieren</a>
							</div>

					</div>

					<img decoding="async" width="1215" height="810" src="https://www.sage.com/de-de/blog/wp-content/uploads/sites/11/2023/09/GettyImages-1277533180-1215x810.jpg" class="single-cta__image" alt="" loading="lazy" srcset="https://www.sage.com/de-de/blog/wp-content/uploads/sites/11/2023/09/GettyImages-1277533180-1215x810.jpg 1215w" sizes="auto, (min-width: 48em) 33vw, 100vw" />			</div>
</div>

<p>Verlässt ein Mitarbeiter nach seiner Kündigung das Unternehmen und hat noch einige Tage auf seinem Urlaubskonto, sind diese abzugelten. Durch die Urlaubsabgeltung soll sichergestellt werden, dass jeder Arbeitnehmer seinen vollen Urlaubsanspruch erhält, ob als tatsächlich genommenen Urlaubstag oder ausgezahlt. Der Anspruch auf diese Abgeltung von Urlaubstagen findet sich im Bundesurlaubsgesetz (BUrlG). Offene Urlaubstage sollten allerdings [&hellip;]</p>
