{"id":512,"date":"2017-12-01T10:54:42","date_gmt":"2017-12-01T10:54:42","guid":{"rendered":"https:\/\/www.sage.com\/de-de\/blog\/glossary\/verjaehrung\/"},"modified":"2026-01-23T11:13:23","modified_gmt":"2026-01-23T10:13:23","slug":"verjaehrung","status":"publish","type":"sage_glossary","link":"https:\/\/www.sage.com\/de-de\/blog\/lexikon\/verjaehrung\/","title":{"rendered":"Verj\u00e4hrung"},"content":{"rendered":"<header class=\"entry-header has-dark-background-color entry-header--has-illustration entry-header--has-illustration--generic\">\n\t<div class=\"container\">\n\t\t<div class=\"entry-header__row row align-center\">\n\t\t\t<div class=\"col col-lg-7 col-xlg-6 entry-header__content\">\n\t\t\t\t\t\t\t<div class=\"component component-single-header\">\n\t\t\t\t\t\t\t\t\t\t<div class=\"entry-header__misc text--subtitle text--uppercase text--small\">\n\t\t\t\t\t\t\t<a href=\"https:\/\/www.sage.com\/de-de\/blog\/lexikon\/\" class=\"entry-header__link\">Beschreibung im Lexikon<\/a>\t\t\t\t\t\t<\/div>\n\t\t\t\t\n\t\t\t\t<div class=\"entry-title-wrapper\">\n\t\t\t\t\t<h1 class=\"entry-title\">\n\t\t\t\t\t\tVerj\u00e4hrung\t\t\t\t\t<\/h1>\n\t\t\t\t<\/div>\n\n\t\t\t\t\n\t\t\t\t\n\t\t\t\t\n\t\t\t<\/div>\n\n\t\t\t\t\t<\/div>\n\t\t\t\t\t<\/div>\n\t<\/div>\n\t<div class=\"single-post-details container\">\n\t\t<div class=\"col\">\n\t\t\t<span class=\"reading-time\"> Minuten zu lesen<\/span>\n\t\t<button\n\t\t\ttype=\"button\"\n\t\t\tclass=\"social-share-button button button--icon button--secondary js-social-share-button\"\n\t\t\tdata-share-title=\"Verj\u00e4hrung\"\n\t\t\tdata-share-url=\"https:\/\/www.sage.com\/de-de\/blog\/lexikon\/verjaehrung\/\"\n\t\t\tdata-share-text=\"Bitte lesen Sie diesen interessanten Artikel\"\n\t\t>\n\t\t\t<span class=\"social-share-button__share-label\">Teilen<\/span>\n\t\t\t<span class=\"social-share-button__copy-label\" hidden>Link kopieren<\/span>\n\t\t\t<span class=\"social-share-button__copy-tooltip\" aria-hidden=\"true\" hidden>Kopiert<\/span>\n\t\t<\/button>\n\n\t\t\t\t<\/div>\n\t<\/div>\n<\/header>\n\n\n\n\n\n<p>Gl\u00e4ubiger haben nach dem Ablauf bestimmter Fristen keine M\u00f6glichkeit mehr, ihre Anspr\u00fcche durchzusetzen. Der Schuldner ist nach Eintritt der Verj\u00e4hrung berechtigt, die Leistung unter Berufung auf die Verj\u00e4hrung zu verweigern. Die gerichtliche Durchsetzung des Anspruchs ist dem Schuldner nicht mehr m\u00f6glich, dennoch bleibt sein Anspruch bestehen. Bei den meisten Forderungen gilt eine regelm\u00e4\u00dfige Verj\u00e4hrungsfrist von drei Jahren.<\/p>\n\n\n\n<p><a href=\"https:\/\/www.sage.com\/de-de\/finanzbuchhaltung-software\/\" target=\"_blank\" rel=\"noopener\">Finden Sie die richtige L\u00f6sung f\u00fcr Ihre Buchhaltung<\/a><\/p>\n\n\n\n<h2 class=\"wp-block-heading\" id=\"h-die-regelmassige-verjahrung\">Die regelm\u00e4\u00dfige Verj\u00e4hrung<\/h2>\n\n\n\n<p>Die regelm\u00e4\u00dfige Verj\u00e4hrungsfrist betr\u00e4gt gem\u00e4\u00df \u00a7 195 BGB drei Jahre, wobei die Frist immer mit dem Ende des Jahres beginnt, in dem der Anspruch entstanden ist. Auch wenn die <a href=\"https:\/\/www.sage.com\/de-de\/blog\/lexikon\/faelligkeit\/\">F\u00e4lligkeit<\/a> an einem anderen Tag des Jahres eintrat, startet die Verj\u00e4hrungsfrist immer am letzten Tag des Jahres. Die Forderung verj\u00e4hrt also nach Ablauf von drei Jahren am 31.12., und dem Schuldner steht mit Eintritt dieses Zeitpunkts ein Leistungsverweigerungsrecht zu. Unter die regelm\u00e4\u00dfige Verj\u00e4hrung fallen beispielsweise Kaufpreisforderungen oder Lohnforderungen. Der Jahresultimo ist demnach ein wichtiger Tag im Forderungsmanagement eines Unternehmens.<\/p>\n\n\n\n<h2 class=\"wp-block-heading\" id=\"h-besondere-verjahrungsfristen\">Besondere Verj\u00e4hrungsfristen<\/h2>\n\n\n\n<p>Gibt es keine abweichenden Regelungen, ist von einer dreij\u00e4hrigen Verj\u00e4hrungsfrist auszugehen. Aber: keine Regelung ohne Ausnahme. Das B\u00fcrgerliche Gesetzbuch und spezielle Gesetze f\u00fcr verschiedene Bereiche sorgen f\u00fcr abweichende Verj\u00e4hrungsfristen. Nicht immer gilt bei den besonderen Verj\u00e4hrungen das Jahresende als Stichtag f\u00fcr den Beginn der Frist, hier sollten Gl\u00e4ubiger im Einzelfall genau hinschauen. Oftmals geht der Fristbeginn mit der Entstehung des Anspruchs einher. Ein Gew\u00e4hrleistungsanspruch f\u00fcr den Kauf einer Sache besteht beispielsweise f\u00fcr eine Frist von zwei Jahren, wobei der Fristbeginn mit der \u00dcbergabe der Sache startet. Das Gleiche gilt f\u00fcr Gew\u00e4hrleistungsanspr\u00fcche aus einem Werkvertrag, als Fristbeginn gilt der Abnahmetag des Werks. Schadenersatzanspr\u00fcche wegen einer K\u00f6rperverletzung verj\u00e4hren nach 30 Jahren, die Frist beginnt mit dem Tag der Verletzung. Im Einzelfall sollten Gl\u00e4ubiger genau pr\u00fcfen und im Zweifel juristischen Rat einholen.<\/p>\n\n\n\n<h2 class=\"wp-block-heading\" id=\"h-verhinderung-der-verjahrung\">Verhinderung der Verj\u00e4hrung<\/h2>\n\n\n\n<p>Den Eintritt der Verj\u00e4hrung kann der Gl\u00e4ubiger einer Forderung nicht durch ein schriftliches <a href=\"https:\/\/www.sage.com\/de-de\/blog\/lexikon\/mahnverfahren\/\">Mahnverfahren<\/a> verhindern. Er muss vielmehr bestimmte Ma\u00dfnahmen ergreifen, um den Fortbestand seiner Anspr\u00fcche zu sichern. Ein gerichtlicher Mahnbescheid oder eine Klageerhebung sind geeignete M\u00f6glichkeiten, den Eintritt der Verj\u00e4hrung zu verhindern. Der Gesetzgeber legt fest, dass diese Ma\u00dfnahmen eine Hemmung der Verj\u00e4hrung bewirken. Auch wenn der Schuldner den Anspruch des Gl\u00e4ubigers schriftlich anerkennt, wird der Verj\u00e4hrungseintritt verhindert. Unter Umst\u00e4nden zahlt der Schuldner einen Teil der Forderung, diese Zahlung kann in der Regel als Schuldanerkenntnis gewertet werden.<\/p>\n\n\n\n<p>F\u00fcr das Forderungsmanagement in einem Unternehmen spielen die Verj\u00e4hrungsfristen eine wesentliche Rolle. Eine entsprechende <a href=\"https:\/\/www.sage.com\/de-de\/blog\/10-vorteile-fuer-buchhaltung-in-der-cloud-infografik\/\" target=\"_blank\" rel=\"noopener\">Software<\/a> unterst\u00fctzt bei der \u00dcberwachung der Fristen und sorgt daf\u00fcr, dass keine wichtigen Termine vers\u00e4umt werden. Gl\u00e4ubiger, die mit diesen Programmen arbeiten, k\u00f6nnen rechtzeitig Ma\u00dfnahmen ergreifen, um die Forderungsverj\u00e4hrung zu verhindern.<\/p>\n\n\n<div class=\"single-cta\">\n\t<div class=\"single-cta__positioner\">\n\t\t<div class=\"single-cta__wrapper has-dark-background-color\">\n\t\t\t<div class=\"single-cta__content\">\n\t\t\t\t\t\t\t\t<h2 class=\"single-cta__title h3\">2026: Alle neuen Gesetze immer im Blick<\/h2>\n\n\t\t\t\t\t\t\t\t\t<div class=\"single-cta__description\">\n\t\t\t\t\t\t<p><!-- wp:paragraph --><\/p>\n<p><strong>Bleiben Sie informiert &#8211; mit unserem Newsletter<\/strong> 1x im Monat<\/p>\n<p><!-- \/wp:paragraph --><\/p>\n<p><!-- wp:list --><\/p>\n<ul class=\"wp-block-list\"><!-- wp:list-item --><\/p>\n<li>Neue Trends aus der Arbeitswelt<\/li>\n<p><!-- \/wp:list-item --><\/p>\n<p><!-- wp:list-item --><\/p>\n<li>Aktuelle Urteile verst\u00e4ndlich erkl\u00e4rt<\/li>\n<p><!-- \/wp:list-item --><\/p>\n<p><!-- wp:list-item --><\/p>\n<li>Tipps zu Recht, Steuern &amp; Finanzen<\/li>\n<p><!-- \/wp:list-item --><\/p>\n<p><!-- wp:list-item --><\/p>\n<li>Experten-Interviews, Studien u.v.m<\/li>\n<p><!-- \/wp:list-item --><\/ul>\n<p><!-- \/wp:list --><\/p>\n\t\t\t\t\t<\/div>\n\t\t\t\t\n\t\t\t\t\t\t\t\t\t\t\t\t\t\t<a\n\t\t\t\t\t\thref=\"#gate-a59880de-3d38-4b82-914c-ffa16bab6ae7\"\n\t\t\t\t\t\tclass=\"single-cta__button button button--primary\"\n\t\t\t\t\t\t\t\t\t\t\t\t\t\t\t\t\t>Newsletter abonnieren<\/a>\n\t\t\t\t\t\t\t<\/div>\n\n\t\t\t\t\t<\/div>\n\n\t\t\t\t\t<img decoding=\"async\" width=\"1215\" height=\"810\" src=\"https:\/\/www.sage.com\/de-de\/blog\/wp-content\/uploads\/sites\/11\/2023\/09\/GettyImages-1277533180-1215x810.jpg\" class=\"single-cta__image\" alt=\"\" loading=\"lazy\" srcset=\"https:\/\/www.sage.com\/de-de\/blog\/wp-content\/uploads\/sites\/11\/2023\/09\/GettyImages-1277533180-1215x810.jpg 1215w\" sizes=\"auto, (min-width: 48em) 33vw, 100vw\" \/>\t\t\t<\/div>\n<\/div>\n","protected":false},"excerpt":{"rendered":"<p>Gl\u00e4ubiger haben nach dem Ablauf bestimmter Fristen keine M\u00f6glichkeit mehr, ihre Anspr\u00fcche durchzusetzen. Der Schuldner ist nach Eintritt der Verj\u00e4hrung berechtigt, die Leistung unter Berufung auf die Verj\u00e4hrung zu verweigern. Die gerichtliche Durchsetzung des Anspruchs ist dem Schuldner nicht mehr m\u00f6glich, dennoch bleibt sein Anspruch bestehen. Bei den meisten Forderungen gilt eine regelm\u00e4\u00dfige Verj\u00e4hrungsfrist von [&hellip;]<\/p>\n","protected":false},"author":1231,"featured_media":0,"template":"","meta":{"_sage_video":false,"footnotes":""},"tags":[],"class_list":["post-512","sage_glossary","type-sage_glossary","status-publish","hentry"],"distributor_meta":false,"distributor_terms":false,"distributor_media":false,"distributor_original_site_name":"Sage Advice Deutschland","distributor_original_site_url":"https:\/\/www.sage.com\/de-de\/blog","push-errors":false,"_links":{"self":[{"href":"https:\/\/www.sage.com\/de-de\/blog\/api\/wp\/v2\/sage_glossary\/512","targetHints":{"allow":["GET"]}}],"collection":[{"href":"https:\/\/www.sage.com\/de-de\/blog\/api\/wp\/v2\/sage_glossary"}],"about":[{"href":"https:\/\/www.sage.com\/de-de\/blog\/api\/wp\/v2\/types\/sage_glossary"}],"author":[{"embeddable":true,"href":"https:\/\/www.sage.com\/de-de\/blog\/api\/wp\/v2\/users\/1231"}],"version-history":[{"count":0,"href":"https:\/\/www.sage.com\/de-de\/blog\/api\/wp\/v2\/sage_glossary\/512\/revisions"}],"wp:attachment":[{"href":"https:\/\/www.sage.com\/de-de\/blog\/api\/wp\/v2\/media?parent=512"}],"wp:term":[{"taxonomy":"post_tag","embeddable":true,"href":"https:\/\/www.sage.com\/de-de\/blog\/api\/wp\/v2\/tags?post=512"}],"curies":[{"name":"wp","href":"https:\/\/api.w.org\/{rel}","templated":true}]}}

Verjährung

<header class="entry-header has-dark-background-color entry-header--has-illustration entry-header--has-illustration--generic">
	<div class="container">
		<div class="entry-header__row row align-center">
			<div class="col col-lg-7 col-xlg-6 entry-header__content">
							<div class="component component-single-header">
										<div class="entry-header__misc text--subtitle text--uppercase text--small">
							<a href="https://www.sage.com/de-de/blog/lexikon/" class="entry-header__link">Beschreibung im Lexikon</a>						</div>
				
				<div class="entry-title-wrapper">
					<h1 class="entry-title">
						Verjährung					</h1>
				</div>

				
				
				
			</div>

					</div>
					</div>
	</div>
	<div class="single-post-details container">
		<div class="col">
			<span class="reading-time"> Minuten zu lesen</span>
		<button
			type="button"
			class="social-share-button button button--icon button--secondary js-social-share-button"
			data-share-title="Verjährung"
			data-share-url="https://www.sage.com/de-de/blog/lexikon/verjaehrung/"
			data-share-text="Bitte lesen Sie diesen interessanten Artikel"
		>
			<span class="social-share-button__share-label">Teilen</span>
			<span class="social-share-button__copy-label" hidden>Link kopieren</span>
			<span class="social-share-button__copy-tooltip" aria-hidden="true" hidden>Kopiert</span>
		</button>

				</div>
	</div>
</header>





<p>Gläubiger haben nach dem Ablauf bestimmter Fristen keine Möglichkeit mehr, ihre Ansprüche durchzusetzen. Der Schuldner ist nach Eintritt der Verjährung berechtigt, die Leistung unter Berufung auf die Verjährung zu verweigern. Die gerichtliche Durchsetzung des Anspruchs ist dem Schuldner nicht mehr möglich, dennoch bleibt sein Anspruch bestehen. Bei den meisten Forderungen gilt eine regelmäßige Verjährungsfrist von drei Jahren.</p>



<p><a href="https://www.sage.com/de-de/finanzbuchhaltung-software/" target="_blank" rel="noopener">Finden Sie die richtige Lösung für Ihre Buchhaltung</a></p>



<h2 class="wp-block-heading" id="h-die-regelmassige-verjahrung">Die regelmäßige Verjährung</h2>



<p>Die regelmäßige Verjährungsfrist beträgt gemäß § 195 BGB drei Jahre, wobei die Frist immer mit dem Ende des Jahres beginnt, in dem der Anspruch entstanden ist. Auch wenn die <a href="https://www.sage.com/de-de/blog/lexikon/faelligkeit/">Fälligkeit</a> an einem anderen Tag des Jahres eintrat, startet die Verjährungsfrist immer am letzten Tag des Jahres. Die Forderung verjährt also nach Ablauf von drei Jahren am 31.12., und dem Schuldner steht mit Eintritt dieses Zeitpunkts ein Leistungsverweigerungsrecht zu. Unter die regelmäßige Verjährung fallen beispielsweise Kaufpreisforderungen oder Lohnforderungen. Der Jahresultimo ist demnach ein wichtiger Tag im Forderungsmanagement eines Unternehmens.</p>



<h2 class="wp-block-heading" id="h-besondere-verjahrungsfristen">Besondere Verjährungsfristen</h2>



<p>Gibt es keine abweichenden Regelungen, ist von einer dreijährigen Verjährungsfrist auszugehen. Aber: keine Regelung ohne Ausnahme. Das Bürgerliche Gesetzbuch und spezielle Gesetze für verschiedene Bereiche sorgen für abweichende Verjährungsfristen. Nicht immer gilt bei den besonderen Verjährungen das Jahresende als Stichtag für den Beginn der Frist, hier sollten Gläubiger im Einzelfall genau hinschauen. Oftmals geht der Fristbeginn mit der Entstehung des Anspruchs einher. Ein Gewährleistungsanspruch für den Kauf einer Sache besteht beispielsweise für eine Frist von zwei Jahren, wobei der Fristbeginn mit der Übergabe der Sache startet. Das Gleiche gilt für Gewährleistungsansprüche aus einem Werkvertrag, als Fristbeginn gilt der Abnahmetag des Werks. Schadenersatzansprüche wegen einer Körperverletzung verjähren nach 30 Jahren, die Frist beginnt mit dem Tag der Verletzung. Im Einzelfall sollten Gläubiger genau prüfen und im Zweifel juristischen Rat einholen.</p>



<h2 class="wp-block-heading" id="h-verhinderung-der-verjahrung">Verhinderung der Verjährung</h2>



<p>Den Eintritt der Verjährung kann der Gläubiger einer Forderung nicht durch ein schriftliches <a href="https://www.sage.com/de-de/blog/lexikon/mahnverfahren/">Mahnverfahren</a> verhindern. Er muss vielmehr bestimmte Maßnahmen ergreifen, um den Fortbestand seiner Ansprüche zu sichern. Ein gerichtlicher Mahnbescheid oder eine Klageerhebung sind geeignete Möglichkeiten, den Eintritt der Verjährung zu verhindern. Der Gesetzgeber legt fest, dass diese Maßnahmen eine Hemmung der Verjährung bewirken. Auch wenn der Schuldner den Anspruch des Gläubigers schriftlich anerkennt, wird der Verjährungseintritt verhindert. Unter Umständen zahlt der Schuldner einen Teil der Forderung, diese Zahlung kann in der Regel als Schuldanerkenntnis gewertet werden.</p>



<p>Für das Forderungsmanagement in einem Unternehmen spielen die Verjährungsfristen eine wesentliche Rolle. Eine entsprechende <a href="https://www.sage.com/de-de/blog/10-vorteile-fuer-buchhaltung-in-der-cloud-infografik/" target="_blank" rel="noopener">Software</a> unterstützt bei der Überwachung der Fristen und sorgt dafür, dass keine wichtigen Termine versäumt werden. Gläubiger, die mit diesen Programmen arbeiten, können rechtzeitig Maßnahmen ergreifen, um die Forderungsverjährung zu verhindern.</p>


<div class="single-cta">
	<div class="single-cta__positioner">
		<div class="single-cta__wrapper has-dark-background-color">
			<div class="single-cta__content">
								<h2 class="single-cta__title h3">2026: Alle neuen Gesetze immer im Blick</h2>

									<div class="single-cta__description">
						<p><!-- wp:paragraph --></p>
<p><strong>Bleiben Sie informiert &#8211; mit unserem Newsletter</strong> 1x im Monat</p>
<p><!-- /wp:paragraph --></p>
<p><!-- wp:list --></p>
<ul class="wp-block-list"><!-- wp:list-item --></p>
<li>Neue Trends aus der Arbeitswelt</li>
<p><!-- /wp:list-item --></p>
<p><!-- wp:list-item --></p>
<li>Aktuelle Urteile verständlich erklärt</li>
<p><!-- /wp:list-item --></p>
<p><!-- wp:list-item --></p>
<li>Tipps zu Recht, Steuern &amp; Finanzen</li>
<p><!-- /wp:list-item --></p>
<p><!-- wp:list-item --></p>
<li>Experten-Interviews, Studien u.v.m</li>
<p><!-- /wp:list-item --></ul>
<p><!-- /wp:list --></p>
					</div>
				
														<a
						href="#gate-a59880de-3d38-4b82-914c-ffa16bab6ae7"
						class="single-cta__button button button--primary"
																	>Newsletter abonnieren</a>
							</div>

					</div>

					<img decoding="async" width="1215" height="810" src="https://www.sage.com/de-de/blog/wp-content/uploads/sites/11/2023/09/GettyImages-1277533180-1215x810.jpg" class="single-cta__image" alt="" loading="lazy" srcset="https://www.sage.com/de-de/blog/wp-content/uploads/sites/11/2023/09/GettyImages-1277533180-1215x810.jpg 1215w" sizes="auto, (min-width: 48em) 33vw, 100vw" />			</div>
</div>

<p>Gläubiger haben nach dem Ablauf bestimmter Fristen keine Möglichkeit mehr, ihre Ansprüche durchzusetzen. Der Schuldner ist nach Eintritt der Verjährung berechtigt, die Leistung unter Berufung auf die Verjährung zu verweigern. Die gerichtliche Durchsetzung des Anspruchs ist dem Schuldner nicht mehr möglich, dennoch bleibt sein Anspruch bestehen. Bei den meisten Forderungen gilt eine regelmäßige Verjährungsfrist von [&hellip;]</p>
