{"id":7463,"date":"2017-11-30T15:26:41","date_gmt":"2017-11-30T15:26:41","guid":{"rendered":"https:\/\/www.sage.com\/es-es\/blog\/glossary\/permiso-laboral\/"},"modified":"2023-01-18T17:05:06","modified_gmt":"2023-01-18T16:05:06","slug":"permiso-laboral","status":"publish","type":"sage_glossary","link":"https:\/\/www.sage.com\/es-es\/blog\/diccionario-empresarial\/permiso-laboral\/","title":{"rendered":"Permiso laboral"},"content":{"rendered":"<header class=\"entry-header has-dark-background-color entry-header--has-illustration entry-header--has-illustration--generic\">\n\t<div class=\"container\">\n\t\t<div class=\"entry-header__row row align-center\">\n\t\t\t<div class=\"col col-lg-7 col-xlg-6 entry-header__content\">\n\t\t\t\t\t\t\t<div class=\"component component-single-header\">\n\t\t\t\t\t\t\t\t\t\t<div class=\"entry-header__misc text--subtitle text--uppercase text--small\">\n\t\t\t\t\t\t\t<a href=\"https:\/\/www.sage.com\/es-es\/blog\/diccionario-empresarial\/\" class=\"entry-header__link\">T\u00e9rminos del Diccionario Empresarial<\/a>\t\t\t\t\t\t<\/div>\n\t\t\t\t\n\t\t\t\t<div class=\"entry-title-wrapper\">\n\t\t\t\t\t<h1 class=\"entry-title\">\n\t\t\t\t\t\tPermiso laboral\t\t\t\t\t<\/h1>\n\t\t\t\t<\/div>\n\n\t\t\t\t\n\t\t\t\t\n\t\t\t\t\n\t\t\t<\/div>\n\n\t\t\t\t\t<\/div>\n\t\t\t\t\t<\/div>\n\t<\/div>\n\t<div class=\"single-post-details container\">\n\t\t<div class=\"col\">\n\t\t\t<span class=\"reading-time\"> minutos de lectura<\/span>\n\t\t<button\n\t\t\ttype=\"button\"\n\t\t\tclass=\"social-share-button button button--icon button--secondary js-social-share-button\"\n\t\t\tdata-share-title=\"Permiso laboral\"\n\t\t\tdata-share-url=\"https:\/\/www.sage.com\/es-es\/blog\/diccionario-empresarial\/permiso-laboral\/\"\n\t\t\tdata-share-text=\"Please read this interesting article\"\n\t\t>\n\t\t\t<span class=\"social-share-button__share-label\">Compartir<\/span>\n\t\t\t<span class=\"social-share-button__copy-label\" hidden>Copiar enlace<\/span>\n\t\t\t<span class=\"social-share-button__copy-tooltip\" aria-hidden=\"true\" hidden>Copiado<\/span>\n\t\t<\/button>\n\n\t\t\t\t<\/div>\n\t<\/div>\n<\/header>\n<div class=\"sage-block-classic-wrapper\">\n\n<p class=\"x15 mgbot20\">Situaci\u00f3n de cese <a href=\"https:\/\/www.sage.com\/es-es\/blog\/permisos-laborales-10-casos-en-los-que-el-trabajador-tiene-dias-libres\/\">temporal del trabajo<\/a> con un car\u00e1cter no peri\u00f3dico, debido a una serie de causas de \u00edndole personal en su mayor\u00eda y que, por norma general, el empresario tiene la obligaci\u00f3n de remunerar.<\/p>\r\n<p class=\"x15 mgbot20\">El trabajador tiene el derecho de acogerse a un permiso laboral por un tiempo determinado, pero para ello ha de alegar y acreditar debidamente los motivos. Entre los motivos m\u00e1s frecuentes se pueden citar:<\/p>\r\n\r\n<ul>\r\n \t<li>Nacimiento de un hijo. Con car\u00e1cter general, el subsidio tendr\u00e1 una duraci\u00f3n de 16 semanas ininterrumpidas, salvo en el caso de hospitalizaci\u00f3n, que se ampliar\u00e1 en determinados supuestos. El per\u00edodo de descanso podr\u00e1 ser disfrutado \u00fanicamente por la madre o, a opci\u00f3n de \u00e9sta, tambi\u00e9n por el otro progenitor en el caso de que ambos trabajen, sin perjuicio de las 6 semanas inmediatamente posteriores al parto de descanso obligatorio para la madre. Los trabajadores por cuenta ajena a los que les sea de aplicaci\u00f3n el ET tendr\u00e1n derecho a la suspensi\u00f3n del contrato durante 13 d\u00edas naturales ininterrumpidos, ampliables en 2 d\u00edas m\u00e1s por cada hijo a partir del segundo. Adem\u00e1s la madre puede hacer uso durante los primeros nueve meses de una hora de lactancia al d\u00eda, ausentar una hora del trabajo para dar el pecho al peque\u00f1o.<\/li>\r\n \t<li>Traslado de residencia, mudanza.<\/li>\r\n \t<li>Matrimonio, quince d\u00edas naturales (m\u00e1s en algunos convenios)<\/li>\r\n \t<li>Cumplimiento de un deber inexcusable de car\u00e1cter p\u00fablico y personal, comprendido el ejercicio del sufragio activo, por el tiempo indispensable. Cuando conste en una norma legal o pactada se estar\u00e1 a lo dispuesto para su duraci\u00f3n y compensaci\u00f3n econ\u00f3mica. Si el trabajador percibe una indemnizaci\u00f3n, se le descontar\u00e1 del salario que corresponda.<\/li>\r\n \t<li>En caso de fallecimiento, enfermedad grave, hospitalizaci\u00f3n, intervenci\u00f3n quir\u00fargica\u2026 se tiene derecho a un permiso laboral de dos d\u00edas hasta el segundo grado de consanguinidad o afinidad.<\/li>\r\n<\/ul>\r\n<h4 class=\"x15 mgbot20\">Estas situaciones tambi\u00e9n est\u00e1n contempladas en los programas <a href=\"https:\/\/www.sage.com\/es-es\/nominas-software\/\">software de gesti\u00f3n<\/a> de Recursos Humanos.<\/h4>\n<\/div>\n<div class=\"single-cta\">\n\t<div class=\"single-cta__positioner\">\n\t\t<div class=\"single-cta__wrapper has-dark-background-color\">\n\t\t\t<div class=\"single-cta__content\">\n\t\t\t\t\t\t\t\t<h2 class=\"single-cta__title h3\">Subscr\u00edbete a la newsletter de Sage Advice<\/h2>\n\n\t\t\t\t\t\t\t\t\t<div class=\"single-cta__description\">\n\t\t\t\t\t\t<p>Recibe nuestros consejos m\u00e1s recientes directamente en la bandeja de entrada de tu correo electr\u00f3nico.<\/p>\n\t\t\t\t\t<\/div>\n\t\t\t\t\n\t\t\t\t\t\t\t\t\t\t\t\t\t\t<a\n\t\t\t\t\t\thref=\"#gate-263a5c00-99e4-4e71-8421-469deda8e674\"\n\t\t\t\t\t\tclass=\"single-cta__button button button--primary\"\n\t\t\t\t\t\t\t\t\t\t\t\t\t\t\t\t\t>Suscr\u00edbete<\/a>\n\t\t\t\t\t\t\t<\/div>\n\n\t\t\t\t\t<\/div>\n\n\t\t\t\t\t<img decoding=\"async\" width=\"1440\" height=\"810\" src=\"https:\/\/www.sage.com\/es-es\/blog\/wp-content\/uploads\/sites\/8\/2022\/04\/GettyImages-1171960556-1440x810.jpg\" class=\"single-cta__image\" alt=\"Sage\" loading=\"lazy\" srcset=\"https:\/\/www.sage.com\/es-es\/blog\/wp-content\/uploads\/sites\/8\/2022\/04\/GettyImages-1171960556-1440x810.jpg 1440w\" sizes=\"auto, (min-width: 48em) 33vw, 100vw\" \/>\t\t\t<\/div>\n<\/div>\n","protected":false},"excerpt":{"rendered":"<p>Situaci\u00f3n de cese temporal del trabajo con un car\u00e1cter no peri\u00f3dico, debido a una serie de causas de \u00edndole personal en su mayor\u00eda y que, por norma general, el empresario tiene la obligaci\u00f3n de remunerar. El trabajador tiene el derecho de acogerse a un permiso laboral por un tiempo determinado, pero para ello ha de [&hellip;]<\/p>\n","protected":false},"author":316,"featured_media":0,"template":"","meta":{"_sage_video":false,"footnotes":""},"tags":[149],"class_list":["post-7463","sage_glossary","type-sage_glossary","status-publish","hentry","tag-relaciones-laborales"],"distributor_meta":false,"distributor_terms":false,"distributor_media":false,"distributor_original_site_name":"Sage Advice Espa\u00f1a","distributor_original_site_url":"https:\/\/www.sage.com\/es-es\/blog","push-errors":false,"_links":{"self":[{"href":"https:\/\/www.sage.com\/es-es\/blog\/api\/wp\/v2\/sage_glossary\/7463","targetHints":{"allow":["GET"]}}],"collection":[{"href":"https:\/\/www.sage.com\/es-es\/blog\/api\/wp\/v2\/sage_glossary"}],"about":[{"href":"https:\/\/www.sage.com\/es-es\/blog\/api\/wp\/v2\/types\/sage_glossary"}],"author":[{"embeddable":true,"href":"https:\/\/www.sage.com\/es-es\/blog\/api\/wp\/v2\/users\/316"}],"version-history":[{"count":0,"href":"https:\/\/www.sage.com\/es-es\/blog\/api\/wp\/v2\/sage_glossary\/7463\/revisions"}],"wp:attachment":[{"href":"https:\/\/www.sage.com\/es-es\/blog\/api\/wp\/v2\/media?parent=7463"}],"wp:term":[{"taxonomy":"post_tag","embeddable":true,"href":"https:\/\/www.sage.com\/es-es\/blog\/api\/wp\/v2\/tags?post=7463"}],"curies":[{"name":"wp","href":"https:\/\/api.w.org\/{rel}","templated":true}]}}

<header class="entry-header has-dark-background-color entry-header--has-illustration entry-header--has-illustration--generic">
	<div class="container">
		<div class="entry-header__row row align-center">
			<div class="col col-lg-7 col-xlg-6 entry-header__content">
							<div class="component component-single-header">
										<div class="entry-header__misc text--subtitle text--uppercase text--small">
							<a href="https://www.sage.com/es-es/blog/diccionario-empresarial/" class="entry-header__link">Términos del Diccionario Empresarial</a>						</div>
				
				<div class="entry-title-wrapper">
					<h1 class="entry-title">
						Permiso laboral					</h1>
				</div>

				
				
				
			</div>

					</div>
					</div>
	</div>
	<div class="single-post-details container">
		<div class="col">
			<span class="reading-time"> minutos de lectura</span>
		<button
			type="button"
			class="social-share-button button button--icon button--secondary js-social-share-button"
			data-share-title="Permiso laboral"
			data-share-url="https://www.sage.com/es-es/blog/diccionario-empresarial/permiso-laboral/"
			data-share-text="Please read this interesting article"
		>
			<span class="social-share-button__share-label">Compartir</span>
			<span class="social-share-button__copy-label" hidden>Copiar enlace</span>
			<span class="social-share-button__copy-tooltip" aria-hidden="true" hidden>Copiado</span>
		</button>

				</div>
	</div>
</header>
<div class="sage-block-classic-wrapper">

<p class="x15 mgbot20">Situación de cese <a href="https://www.sage.com/es-es/blog/permisos-laborales-10-casos-en-los-que-el-trabajador-tiene-dias-libres/">temporal del trabajo</a> con un carácter no periódico, debido a una serie de causas de índole personal en su mayoría y que, por norma general, el empresario tiene la obligación de remunerar.</p>
<p class="x15 mgbot20">El trabajador tiene el derecho de acogerse a un permiso laboral por un tiempo determinado, pero para ello ha de alegar y acreditar debidamente los motivos. Entre los motivos más frecuentes se pueden citar:</p>

<ul>
 	<li>Nacimiento de un hijo. Con carácter general, el subsidio tendrá una duración de 16 semanas ininterrumpidas, salvo en el caso de hospitalización, que se ampliará en determinados supuestos. El período de descanso podrá ser disfrutado únicamente por la madre o, a opción de ésta, también por el otro progenitor en el caso de que ambos trabajen, sin perjuicio de las 6 semanas inmediatamente posteriores al parto de descanso obligatorio para la madre. Los trabajadores por cuenta ajena a los que les sea de aplicación el ET tendrán derecho a la suspensión del contrato durante 13 días naturales ininterrumpidos, ampliables en 2 días más por cada hijo a partir del segundo. Además la madre puede hacer uso durante los primeros nueve meses de una hora de lactancia al día, ausentar una hora del trabajo para dar el pecho al pequeño.</li>
 	<li>Traslado de residencia, mudanza.</li>
 	<li>Matrimonio, quince días naturales (más en algunos convenios)</li>
 	<li>Cumplimiento de un deber inexcusable de carácter público y personal, comprendido el ejercicio del sufragio activo, por el tiempo indispensable. Cuando conste en una norma legal o pactada se estará a lo dispuesto para su duración y compensación económica. Si el trabajador percibe una indemnización, se le descontará del salario que corresponda.</li>
 	<li>En caso de fallecimiento, enfermedad grave, hospitalización, intervención quirúrgica… se tiene derecho a un permiso laboral de dos días hasta el segundo grado de consanguinidad o afinidad.</li>
</ul>
<h4 class="x15 mgbot20">Estas situaciones también están contempladas en los programas <a href="https://www.sage.com/es-es/nominas-software/">software de gestión</a> de Recursos Humanos.</h4>
</div>
<div class="single-cta">
	<div class="single-cta__positioner">
		<div class="single-cta__wrapper has-dark-background-color">
			<div class="single-cta__content">
								<h2 class="single-cta__title h3">Subscríbete a la newsletter de Sage Advice</h2>

									<div class="single-cta__description">
						<p>Recibe nuestros consejos más recientes directamente en la bandeja de entrada de tu correo electrónico.</p>
					</div>
				
														<a
						href="#gate-263a5c00-99e4-4e71-8421-469deda8e674"
						class="single-cta__button button button--primary"
																	>Suscríbete</a>
							</div>

					</div>

					<img decoding="async" width="1440" height="810" src="https://www.sage.com/es-es/blog/wp-content/uploads/sites/8/2022/04/GettyImages-1171960556-1440x810.jpg" class="single-cta__image" alt="Sage" loading="lazy" srcset="https://www.sage.com/es-es/blog/wp-content/uploads/sites/8/2022/04/GettyImages-1171960556-1440x810.jpg 1440w" sizes="auto, (min-width: 48em) 33vw, 100vw" />			</div>
</div>

<p>Situación de cese temporal del trabajo con un carácter no periódico, debido a una serie de causas de índole personal en su mayoría y que, por norma general, el empresario tiene la obligación de remunerar. El trabajador tiene el derecho de acogerse a un permiso laboral por un tiempo determinado, pero para ello ha de [&hellip;]</p>

Sage Advice España
