{"version":"1.0","provider_name":"Sage Advice France","provider_url":"https:\/\/www.sage.com\/fr-fr\/blog","author_name":"Sabine Ducrot-Ciss","author_url":"https:\/\/www.sage.com\/fr-fr\/blog\/author\/sabineducrot\/","title":"Le Pr\u00e9l\u00e8vement \u00e0 la source, o\u00f9 en \u00eates-vous en tant qu\u2019employeur ?","type":"rich","width":600,"height":338,"html":"<blockquote class=\"wp-embedded-content\" data-secret=\"FzrLtn4Bxt\"><a href=\"https:\/\/www.sage.com\/fr-fr\/blog\/prelevement-a-la-source-employeurs\/\">Le Pr\u00e9l\u00e8vement \u00e0 la source, o\u00f9 en \u00eates-vous en tant qu\u2019employeur ?<\/a><\/blockquote><iframe sandbox=\"allow-scripts\" security=\"restricted\" src=\"https:\/\/www.sage.com\/fr-fr\/blog\/prelevement-a-la-source-employeurs\/embed\/#?secret=FzrLtn4Bxt\" width=\"600\" height=\"338\" title=\"\u00ab\u00a0Le Pr\u00e9l\u00e8vement \u00e0 la source, o\u00f9 en \u00eates-vous en tant qu\u2019employeur ?\u00a0\u00bb &#8212; Sage Advice France\" data-secret=\"FzrLtn4Bxt\" frameborder=\"0\" marginwidth=\"0\" marginheight=\"0\" scrolling=\"no\" class=\"wp-embedded-content\"><\/iframe><script type=\"text\/javascript\">\n\/* <![CDATA[ *\/\n\/*! This file is auto-generated *\/\n!function(d,l){\"use strict\";l.querySelector&&d.addEventListener&&\"undefined\"!=typeof URL&&(d.wp=d.wp||{},d.wp.receiveEmbedMessage||(d.wp.receiveEmbedMessage=function(e){var t=e.data;if((t||t.secret||t.message||t.value)&&!\/[^a-zA-Z0-9]\/.test(t.secret)){for(var s,r,n,a=l.querySelectorAll('iframe[data-secret=\"'+t.secret+'\"]'),o=l.querySelectorAll('blockquote[data-secret=\"'+t.secret+'\"]'),c=new RegExp(\"^https?:$\",\"i\"),i=0;i<o.length;i++)o[i].style.display=\"none\";for(i=0;i<a.length;i++)s=a[i],e.source===s.contentWindow&&(s.removeAttribute(\"style\"),\"height\"===t.message?(1e3<(r=parseInt(t.value,10))?r=1e3:~~r<200&&(r=200),s.height=r):\"link\"===t.message&&(r=new URL(s.getAttribute(\"src\")),n=new URL(t.value),c.test(n.protocol))&&n.host===r.host&&l.activeElement===s&&(d.top.location.href=t.value))}},d.addEventListener(\"message\",d.wp.receiveEmbedMessage,!1),l.addEventListener(\"DOMContentLoaded\",function(){for(var e,t,s=l.querySelectorAll(\"iframe.wp-embedded-content\"),r=0;r<s.length;r++)(t=(e=s[r]).getAttribute(\"data-secret\"))||(t=Math.random().toString(36).substring(2,12),e.src+=\"#?secret=\"+t,e.setAttribute(\"data-secret\",t)),e.contentWindow.postMessage({message:\"ready\",secret:t},\"*\")},!1)))}(window,document);\n\/\/# sourceURL=https:\/\/www.sage.com\/fr-fr\/blog\/wp-includes\/js\/wp-embed.min.js\n\/* ]]> *\/\n<\/script>\n","thumbnail_url":"https:\/\/www.sage.com\/fr-fr\/blog\/wp-content\/uploads\/sites\/4\/2018\/09\/breaking_news_pas_2-resize.jpg","thumbnail_width":1675,"thumbnail_height":1265,"description":"Employeurs, d\u00e9couvrez la vid\u00e9o dans laquelle Pierre Farouz, Directeur des Ressources Humaines Sage Europe du Sud, explique comment son entreprise s\u2019est pr\u00e9par\u00e9e \u00e0 ce changement majeur, tant d\u2019un point de vue technique qu\u2019humain."}

Le Prélèvement à la source, où en êtes-vous en tant qu’employeur ?

<blockquote class="wp-embedded-content" data-secret="FzrLtn4Bxt"><a href="https://www.sage.com/fr-fr/blog/prelevement-a-la-source-employeurs/">Le Prélèvement à la source, où en êtes-vous en tant qu’employeur ?</a></blockquote><iframe sandbox="allow-scripts" security="restricted" src="https://www.sage.com/fr-fr/blog/prelevement-a-la-source-employeurs/embed/#?secret=FzrLtn4Bxt" width="600" height="338" title="« Le Prélèvement à la source, où en êtes-vous en tant qu’employeur ? » &#8212; Sage Advice France" data-secret="FzrLtn4Bxt" frameborder="0" marginwidth="0" marginheight="0" scrolling="no" class="wp-embedded-content"></iframe><script type="text/javascript">
/* <![CDATA[ */
/*! This file is auto-generated */
!function(d,l){"use strict";l.querySelector&&d.addEventListener&&"undefined"!=typeof URL&&(d.wp=d.wp||{},d.wp.receiveEmbedMessage||(d.wp.receiveEmbedMessage=function(e){var t=e.data;if((t||t.secret||t.message||t.value)&&!/[^a-zA-Z0-9]/.test(t.secret)){for(var s,r,n,a=l.querySelectorAll('iframe[data-secret="'+t.secret+'"]'),o=l.querySelectorAll('blockquote[data-secret="'+t.secret+'"]'),c=new RegExp("^https?:$","i"),i=0;i<o.length;i++)o[i].style.display="none";for(i=0;i<a.length;i++)s=a[i],e.source===s.contentWindow&&(s.removeAttribute("style"),"height"===t.message?(1e3<(r=parseInt(t.value,10))?r=1e3:~~r<200&&(r=200),s.height=r):"link"===t.message&&(r=new URL(s.getAttribute("src")),n=new URL(t.value),c.test(n.protocol))&&n.host===r.host&&l.activeElement===s&&(d.top.location.href=t.value))}},d.addEventListener("message",d.wp.receiveEmbedMessage,!1),l.addEventListener("DOMContentLoaded",function(){for(var e,t,s=l.querySelectorAll("iframe.wp-embedded-content"),r=0;r<s.length;r++)(t=(e=s[r]).getAttribute("data-secret"))||(t=Math.random().toString(36).substring(2,12),e.src+="#?secret="+t,e.setAttribute("data-secret",t)),e.contentWindow.postMessage({message:"ready",secret:t},"*")},!1)))}(window,document);
//# sourceURL=https://www.sage.com/fr-fr/blog/wp-includes/js/wp-embed.min.js
/* ]]> */
</script>

Employeurs, découvrez la vidéo dans laquelle Pierre Farouz, Directeur des Ressources Humaines Sage Europe du Sud, explique comment son entreprise s’est préparée à ce changement majeur, tant d’un point de vue technique qu’humain.
